{"id":1098,"date":"2020-03-29T21:52:25","date_gmt":"2020-03-29T19:52:25","guid":{"rendered":"http:\/\/www.mobileakkupower.de\/shop\/?post_type=product&#038;p=1098"},"modified":"2021-02-26T13:31:58","modified_gmt":"2021-02-26T12:31:58","slug":"husqvarna-akku-stabheckenschere-520iht4","status":"publish","type":"product","link":"https:\/\/www.mobileakkupower.de\/shop\/produkt\/husqvarna-akku-stabheckenschere-520iht4\/","title":{"rendered":"Husqvarna Akku Stabheckenschere 520iHT4"},"content":{"rendered":"<p>Leistungsstarke, teleskopierbare, akkubetriebene Stabheckenschere mit einer Reichweite von bis zu 4,5 m. Ideal zum Schnitt von hohen und breiten Hecken ohne Leiter, Ger\u00fcst oder mobiler Plattform sowie zum Schnitt von Bodendeckern geeignet. Der Schneidekopfwinkel ist in einem Radius von 120\u00b0 frei einstellbar (-45 \u00b0 bis +75 \u00b0). Der hintere Sto\u00dff\u00e4nger bietet zus\u00e4tzlichen Schutz und erm\u00f6glicht eine gr\u00f6\u00dfere Reichweite. Keine direkten Emissionen und leiser Betrieb \u2013 ideal f\u00fcr st\u00f6rungsempfindliche Umgebungen. Allwetter-Einsatz (IPX4).<\/p>\n<p>EAN: 7392930268661<br \/>\nHersteller-Artikelnummer: 967971201<\/p>\n<p>Lieferumfang:<br \/>\n1 x Husqvarna Akku-Stabheckenschere 520iHT4<br \/>\n(nur Grundger\u00e4t ohne Akku und ohne Netzteil)<\/p>\n<p>Besonderheiten<\/p>\n<p>B\u00fcrstenloser Motor<br \/>\nUnser intern entwickelter b\u00fcrstenloser Motor liefert Ihnen 25% mehr Leistung im Vergleich zu herk\u00f6mmlichen Motoren. Das beduetet f\u00fcr Sie: Ein gleichm\u00e4\u00dfig hoher Drehmoment.<\/p>\n<p>Gro\u00dfe Reichweite<br \/>\nDurch den teleskopierbaren Schaft wird eine Reichweite von bis zu 4,5 m erreicht. Dies sorgt f\u00fcr einen sicheren und effizienten Schnitt und erm\u00f6glicht ein Schneiden von hohen und breiten Hecken ganz ohne Leiter oder Ger\u00fcst.<\/p>\n<p>Intuitives Bedienfeld<br \/>\nIntuitives Bedienfeld f\u00fcr einfaches Starten und Stoppen der Maschine per Knopfdruck.<\/p>\n<p>Allwetter-Einsatz (IPX4)<br \/>\nDieses akkubetriebene Husqvarna Produkt erf\u00fcllt die IPX4-Klassifizierung f\u00fcr Regenfestigkeit. Dies macht es zu einem langlebigen und zuverl\u00e4ssigen Werkzeug, das das ganze Jahr \u00fcber bei allen Wetterbedingungen eingesetzt werden kann.<\/p>\n<p>Seitlicher Akkuschacht<br \/>\nIntelligente Akku-Position &#8211; horizontal durch den Maschinenk\u00f6rper gelegt. Reduziert das Risiko, dass sich Schmutz, Sp\u00e4ne, Staub und Wasser im Akkuschacht ansammeln und Verbindungsprobleme verursachen. Der seitliche Akkuschacht sorgt auch daf\u00fcr, dass das Gewicht des Akkus im oder in der N\u00e4he des gew\u00fcnschten Schwerpunkts und in der Rotationsachse des Produkts platziert werden kann, was zu einer erh\u00f6hten Man\u00f6vrierf\u00e4higkeit f\u00fchrt. Das durchgehende Geh\u00e4usedesign bietet auch ein hohes Ma\u00df an Flexibilit\u00e4t, da Akkus in verschiedenen Gr\u00f6\u00dfen verwendet werden k\u00f6nnen.<\/p>\n<p>Teleskoprohr<br \/>\nDas Rohr verf\u00fcgt \u00fcber eine Teleskopfunktion zur schnellen Einstellung der Schnitth\u00f6he.<\/p>\n<p>Neigungswinkeleinstellung<br \/>\nDie Neigungswinkeleinstellung erm\u00f6glicht eine ergonomische Arbeitspositionen beim Schneiden von hohen und niedrigen Hecken. Der Schneidewinkel ist von -45\u00b0 bis + 75\u00b0, d.h. in einem Bereich von 120\u00b0 frei einstellbar.<\/p>\n<p>Schneidgeschwindigkeit<br \/>\nDie 4000 Schnitte pro Minute sorgen f\u00fcr hervorragende Schneidergebnisse.<\/p>\n<p>Hinterer Sto\u00dfschutz<br \/>\nDer hintere Sto\u00dfschutz bietet zus\u00e4tzlichen Schutz und erm\u00f6glicht eine noch gr\u00f6\u00dfere Reichweite.<\/p>\n<p>savE Modus f\u00fcr maximale Laufzeit<br \/>\nW\u00e4hlen Sie je nach Bedingungen zwischen dem normalen oder dem savE Modus, um die maximale Leistung oder die maximale Laufzeit zu erreichen. In jedem Fall erhalten Sie immer ein perfektes Ergebnis.<\/p>\n<p>Metallgeh\u00e4use<br \/>\nDas robuste Metallgeh\u00e4use ist eines von vielen langlebigen Elementen des Produkts. Es wurde entwickelt, um Motor und Getriebe optimal zu sch\u00fctzen.<\/p>\n<p>Transportstellung<br \/>\nDer Messerbalken ist einklappbar. Dies erleichtert den Transport und die Verwahrung der Maschine.<\/p>\n<p>Ergonomischer Griff<br \/>\nErgonomisch geformter Griff f\u00fcr einen h\u00f6heren Komfort und mehr Sicherheit.<\/p>\n<p>Einstellm\u00f6glichkeit<br \/>\nPraktischer Einhandgriff, um den Winkel des M\u00e4hwerks einzustellen.<\/p>\n<p>Leiser Betrieb<br \/>\nDie Ger\u00e4uschwerte unserer Akku-Produkte liegen bis zu 13 dB(A) unter den von benzinbetriebenen Ger\u00e4ten. F\u00fcr den Anwender ein riesiger Unterschied \u2013 denn bereits eine Reduzierung von nur 3 dB(A) wird als Halbierung des L\u00e4rms empfunden. Der extrem leise Betrieb macht das Arbeiten f\u00fcr den Anwender deutlich angenehmer und auch Mitmenschen werden nicht durch lauten L\u00e4rm gest\u00f6rt.<\/p>\n<p>Leichte, ausbalancierte Bauform<br \/>\nDie schlanke, ergonomische Bauform ist gut ausbalanciert und leicht. Sie erm\u00f6glicht effizientes Arbeiten selbst bei langen Eins\u00e4tzen.<\/p>\n<p>Ein-Akku-System<br \/>\nUnser 36V Li-Ionen Akku wurde f\u00fcr eine professionelle und lang andauernde Nutzung entwickelt und kann f\u00fcr verschiedenste Anwendungen verwendet werden. Sie k\u00f6nnen also ein und denselben Akku f\u00fcr Ihre Husqvarna Akku-Motors\u00e4gen, Akku-Sensen oder Akku-Heckenschere verwenden.<\/p>\n<p>Geringer Wartungsaufwand<br \/>\nKein Benzin nachf\u00fcllen, wartungsarm und ein elektronisch gesteuertes Antriebssystem &#8211; all das reduziert Ausfallzeiten und senkt die Wartungskosten.<\/p>\n","protected":false},"excerpt":{"rendered":"<p>Leistungsstarke, teleskopierbare, akkubetriebene Stabheckenschere mit einer Reichweite von bis zu 4,5 m. Ideal zum Schnitt von hohen und breiten Hecken ohne Leiter, Ger\u00fcst oder mobiler Plattform sowie zum Schnitt von Bodendeckern geeignet. Der Schneidekopfwinkel ist in einem Radius von 120\u00b0 frei einstellbar (-45 \u00b0 bis +75 \u00b0). Der hintere Sto\u00dff\u00e4nger bietet zus\u00e4tzlichen Schutz und erm\u00f6glicht [&hellip;]<\/p>\n","protected":false},"featured_media":1513,"comment_status":"open","ping_status":"closed","template":"","meta":[],"product_brand":[],"product_cat":[271,111],"product_tag":[],"class_list":{"0":"post-1098","1":"product","2":"type-product","3":"status-publish","4":"has-post-thumbnail","6":"product_cat-gartengeraete-und-zubehoer","7":"product_cat-husqvarna-akku-gartengeraete","9":"first","10":"instock","11":"taxable","12":"shipping-taxable","13":"purchasable","14":"product-type-simple"},"yoast_head":"<!-- This site is optimized with the Yoast SEO plugin v27.4 - https:\/\/yoast.com\/product\/yoast-seo-wordpress\/ -->\n<title>Husqvarna Akku Stabheckenschere 520iHT4 - Shop MobileAkkuPower<\/title>\n<meta name=\"robots\" content=\"index, follow, max-snippet:-1, max-image-preview:large, max-video-preview:-1\" \/>\n<link rel=\"canonical\" href=\"https:\/\/www.mobileakkupower.de\/shop\/produkt\/husqvarna-akku-stabheckenschere-520iht4\/\" \/>\n<meta property=\"og:locale\" content=\"de_DE\" \/>\n<meta property=\"og:type\" content=\"article\" \/>\n<meta property=\"og:title\" content=\"Husqvarna Akku Stabheckenschere 520iHT4 - Shop MobileAkkuPower\" \/>\n<meta property=\"og:description\" content=\"Leistungsstarke, teleskopierbare, akkubetriebene Stabheckenschere mit einer Reichweite von bis zu 4,5 m. Ideal zum Schnitt von hohen und breiten Hecken ohne Leiter, Ger\u00fcst oder mobiler Plattform sowie zum Schnitt von Bodendeckern geeignet. Der Schneidekopfwinkel ist in einem Radius von 120\u00b0 frei einstellbar (-45 \u00b0 bis +75 \u00b0). Der hintere Sto\u00dff\u00e4nger bietet zus\u00e4tzlichen Schutz und erm\u00f6glicht [&hellip;]\" \/>\n<meta property=\"og:url\" content=\"https:\/\/www.mobileakkupower.de\/shop\/produkt\/husqvarna-akku-stabheckenschere-520iht4\/\" \/>\n<meta property=\"og:site_name\" content=\"Shop MobileAkkuPower\" \/>\n<meta property=\"article:publisher\" content=\"https:\/\/facebook.com\/derroboterladen\" \/>\n<meta property=\"article:modified_time\" content=\"2021-02-26T12:31:58+00:00\" \/>\n<meta property=\"og:image\" content=\"https:\/\/www.mobileakkupower.de\/shop\/wp-content\/uploads\/2020\/03\/967971201.png\" \/>\n\t<meta property=\"og:image:width\" content=\"300\" \/>\n\t<meta property=\"og:image:height\" content=\"300\" \/>\n\t<meta property=\"og:image:type\" content=\"image\/png\" \/>\n<meta name=\"twitter:card\" content=\"summary_large_image\" \/>\n<meta name=\"twitter:label1\" content=\"Gesch\u00e4tzte Lesezeit\" \/>\n\t<meta name=\"twitter:data1\" content=\"3\u00a0Minuten\" \/>\n<script type=\"application\/ld+json\" class=\"yoast-schema-graph\">{\"@context\":\"https:\\\/\\\/schema.org\",\"@graph\":[{\"@type\":\"WebPage\",\"@id\":\"https:\\\/\\\/www.mobileakkupower.de\\\/shop\\\/produkt\\\/husqvarna-akku-stabheckenschere-520iht4\\\/\",\"url\":\"https:\\\/\\\/www.mobileakkupower.de\\\/shop\\\/produkt\\\/husqvarna-akku-stabheckenschere-520iht4\\\/\",\"name\":\"Husqvarna Akku Stabheckenschere 520iHT4 - Shop MobileAkkuPower\",\"isPartOf\":{\"@id\":\"https:\\\/\\\/www.mobileakkupower.de\\\/shop\\\/#website\"},\"primaryImageOfPage\":{\"@id\":\"https:\\\/\\\/www.mobileakkupower.de\\\/shop\\\/produkt\\\/husqvarna-akku-stabheckenschere-520iht4\\\/#primaryimage\"},\"image\":{\"@id\":\"https:\\\/\\\/www.mobileakkupower.de\\\/shop\\\/produkt\\\/husqvarna-akku-stabheckenschere-520iht4\\\/#primaryimage\"},\"thumbnailUrl\":\"https:\\\/\\\/www.mobileakkupower.de\\\/shop\\\/wp-content\\\/uploads\\\/2020\\\/03\\\/967971201.png\",\"datePublished\":\"2020-03-29T19:52:25+00:00\",\"dateModified\":\"2021-02-26T12:31:58+00:00\",\"breadcrumb\":{\"@id\":\"https:\\\/\\\/www.mobileakkupower.de\\\/shop\\\/produkt\\\/husqvarna-akku-stabheckenschere-520iht4\\\/#breadcrumb\"},\"inLanguage\":\"de\",\"potentialAction\":[{\"@type\":\"ReadAction\",\"target\":[\"https:\\\/\\\/www.mobileakkupower.de\\\/shop\\\/produkt\\\/husqvarna-akku-stabheckenschere-520iht4\\\/\"]}]},{\"@type\":\"ImageObject\",\"inLanguage\":\"de\",\"@id\":\"https:\\\/\\\/www.mobileakkupower.de\\\/shop\\\/produkt\\\/husqvarna-akku-stabheckenschere-520iht4\\\/#primaryimage\",\"url\":\"https:\\\/\\\/www.mobileakkupower.de\\\/shop\\\/wp-content\\\/uploads\\\/2020\\\/03\\\/967971201.png\",\"contentUrl\":\"https:\\\/\\\/www.mobileakkupower.de\\\/shop\\\/wp-content\\\/uploads\\\/2020\\\/03\\\/967971201.png\",\"width\":300,\"height\":300},{\"@type\":\"BreadcrumbList\",\"@id\":\"https:\\\/\\\/www.mobileakkupower.de\\\/shop\\\/produkt\\\/husqvarna-akku-stabheckenschere-520iht4\\\/#breadcrumb\",\"itemListElement\":[{\"@type\":\"ListItem\",\"position\":1,\"name\":\"Startseite\",\"item\":\"https:\\\/\\\/www.mobileakkupower.de\\\/shop\\\/\"},{\"@type\":\"ListItem\",\"position\":2,\"name\":\"Shop\",\"item\":\"https:\\\/\\\/www.mobileakkupower.de\\\/shop\\\/shop\\\/\"},{\"@type\":\"ListItem\",\"position\":3,\"name\":\"Husqvarna Akku Stabheckenschere 520iHT4\"}]},{\"@type\":\"WebSite\",\"@id\":\"https:\\\/\\\/www.mobileakkupower.de\\\/shop\\\/#website\",\"url\":\"https:\\\/\\\/www.mobileakkupower.de\\\/shop\\\/\",\"name\":\"Shop MobileAkkuPower\",\"description\":\"\",\"publisher\":{\"@id\":\"https:\\\/\\\/www.mobileakkupower.de\\\/shop\\\/#organization\"},\"potentialAction\":[{\"@type\":\"SearchAction\",\"target\":{\"@type\":\"EntryPoint\",\"urlTemplate\":\"https:\\\/\\\/www.mobileakkupower.de\\\/shop\\\/?s={search_term_string}\"},\"query-input\":{\"@type\":\"PropertyValueSpecification\",\"valueRequired\":true,\"valueName\":\"search_term_string\"}}],\"inLanguage\":\"de\"},{\"@type\":\"Organization\",\"@id\":\"https:\\\/\\\/www.mobileakkupower.de\\\/shop\\\/#organization\",\"name\":\"Shop MobileAkkuPower\",\"url\":\"https:\\\/\\\/www.mobileakkupower.de\\\/shop\\\/\",\"logo\":{\"@type\":\"ImageObject\",\"inLanguage\":\"de\",\"@id\":\"https:\\\/\\\/www.mobileakkupower.de\\\/shop\\\/#\\\/schema\\\/logo\\\/image\\\/\",\"url\":\"https:\\\/\\\/www.mobileakkupower.de\\\/shop\\\/wp-content\\\/uploads\\\/2019\\\/01\\\/cropped-logo-map.png\",\"contentUrl\":\"https:\\\/\\\/www.mobileakkupower.de\\\/shop\\\/wp-content\\\/uploads\\\/2019\\\/01\\\/cropped-logo-map.png\",\"width\":646,\"height\":114,\"caption\":\"Shop MobileAkkuPower\"},\"image\":{\"@id\":\"https:\\\/\\\/www.mobileakkupower.de\\\/shop\\\/#\\\/schema\\\/logo\\\/image\\\/\"},\"sameAs\":[\"https:\\\/\\\/facebook.com\\\/derroboterladen\"]}]}<\/script>\n<!-- \/ Yoast SEO plugin. -->","yoast_head_json":{"title":"Husqvarna Akku Stabheckenschere 520iHT4 - Shop MobileAkkuPower","robots":{"index":"index","follow":"follow","max-snippet":"max-snippet:-1","max-image-preview":"max-image-preview:large","max-video-preview":"max-video-preview:-1"},"canonical":"https:\/\/www.mobileakkupower.de\/shop\/produkt\/husqvarna-akku-stabheckenschere-520iht4\/","og_locale":"de_DE","og_type":"article","og_title":"Husqvarna Akku Stabheckenschere 520iHT4 - Shop MobileAkkuPower","og_description":"Leistungsstarke, teleskopierbare, akkubetriebene Stabheckenschere mit einer Reichweite von bis zu 4,5 m. Ideal zum Schnitt von hohen und breiten Hecken ohne Leiter, Ger\u00fcst oder mobiler Plattform sowie zum Schnitt von Bodendeckern geeignet. Der Schneidekopfwinkel ist in einem Radius von 120\u00b0 frei einstellbar (-45 \u00b0 bis +75 \u00b0). Der hintere Sto\u00dff\u00e4nger bietet zus\u00e4tzlichen Schutz und erm\u00f6glicht [&hellip;]","og_url":"https:\/\/www.mobileakkupower.de\/shop\/produkt\/husqvarna-akku-stabheckenschere-520iht4\/","og_site_name":"Shop MobileAkkuPower","article_publisher":"https:\/\/facebook.com\/derroboterladen","article_modified_time":"2021-02-26T12:31:58+00:00","og_image":[{"width":300,"height":300,"url":"https:\/\/www.mobileakkupower.de\/shop\/wp-content\/uploads\/2020\/03\/967971201.png","type":"image\/png"}],"twitter_card":"summary_large_image","twitter_misc":{"Gesch\u00e4tzte Lesezeit":"3\u00a0Minuten"},"schema":{"@context":"https:\/\/schema.org","@graph":[{"@type":"WebPage","@id":"https:\/\/www.mobileakkupower.de\/shop\/produkt\/husqvarna-akku-stabheckenschere-520iht4\/","url":"https:\/\/www.mobileakkupower.de\/shop\/produkt\/husqvarna-akku-stabheckenschere-520iht4\/","name":"Husqvarna Akku Stabheckenschere 520iHT4 - Shop MobileAkkuPower","isPartOf":{"@id":"https:\/\/www.mobileakkupower.de\/shop\/#website"},"primaryImageOfPage":{"@id":"https:\/\/www.mobileakkupower.de\/shop\/produkt\/husqvarna-akku-stabheckenschere-520iht4\/#primaryimage"},"image":{"@id":"https:\/\/www.mobileakkupower.de\/shop\/produkt\/husqvarna-akku-stabheckenschere-520iht4\/#primaryimage"},"thumbnailUrl":"https:\/\/www.mobileakkupower.de\/shop\/wp-content\/uploads\/2020\/03\/967971201.png","datePublished":"2020-03-29T19:52:25+00:00","dateModified":"2021-02-26T12:31:58+00:00","breadcrumb":{"@id":"https:\/\/www.mobileakkupower.de\/shop\/produkt\/husqvarna-akku-stabheckenschere-520iht4\/#breadcrumb"},"inLanguage":"de","potentialAction":[{"@type":"ReadAction","target":["https:\/\/www.mobileakkupower.de\/shop\/produkt\/husqvarna-akku-stabheckenschere-520iht4\/"]}]},{"@type":"ImageObject","inLanguage":"de","@id":"https:\/\/www.mobileakkupower.de\/shop\/produkt\/husqvarna-akku-stabheckenschere-520iht4\/#primaryimage","url":"https:\/\/www.mobileakkupower.de\/shop\/wp-content\/uploads\/2020\/03\/967971201.png","contentUrl":"https:\/\/www.mobileakkupower.de\/shop\/wp-content\/uploads\/2020\/03\/967971201.png","width":300,"height":300},{"@type":"BreadcrumbList","@id":"https:\/\/www.mobileakkupower.de\/shop\/produkt\/husqvarna-akku-stabheckenschere-520iht4\/#breadcrumb","itemListElement":[{"@type":"ListItem","position":1,"name":"Startseite","item":"https:\/\/www.mobileakkupower.de\/shop\/"},{"@type":"ListItem","position":2,"name":"Shop","item":"https:\/\/www.mobileakkupower.de\/shop\/shop\/"},{"@type":"ListItem","position":3,"name":"Husqvarna Akku Stabheckenschere 520iHT4"}]},{"@type":"WebSite","@id":"https:\/\/www.mobileakkupower.de\/shop\/#website","url":"https:\/\/www.mobileakkupower.de\/shop\/","name":"Shop MobileAkkuPower","description":"","publisher":{"@id":"https:\/\/www.mobileakkupower.de\/shop\/#organization"},"potentialAction":[{"@type":"SearchAction","target":{"@type":"EntryPoint","urlTemplate":"https:\/\/www.mobileakkupower.de\/shop\/?s={search_term_string}"},"query-input":{"@type":"PropertyValueSpecification","valueRequired":true,"valueName":"search_term_string"}}],"inLanguage":"de"},{"@type":"Organization","@id":"https:\/\/www.mobileakkupower.de\/shop\/#organization","name":"Shop MobileAkkuPower","url":"https:\/\/www.mobileakkupower.de\/shop\/","logo":{"@type":"ImageObject","inLanguage":"de","@id":"https:\/\/www.mobileakkupower.de\/shop\/#\/schema\/logo\/image\/","url":"https:\/\/www.mobileakkupower.de\/shop\/wp-content\/uploads\/2019\/01\/cropped-logo-map.png","contentUrl":"https:\/\/www.mobileakkupower.de\/shop\/wp-content\/uploads\/2019\/01\/cropped-logo-map.png","width":646,"height":114,"caption":"Shop MobileAkkuPower"},"image":{"@id":"https:\/\/www.mobileakkupower.de\/shop\/#\/schema\/logo\/image\/"},"sameAs":["https:\/\/facebook.com\/derroboterladen"]}]}},"_links":{"self":[{"href":"https:\/\/www.mobileakkupower.de\/shop\/wp-json\/wp\/v2\/product\/1098","targetHints":{"allow":["GET"]}}],"collection":[{"href":"https:\/\/www.mobileakkupower.de\/shop\/wp-json\/wp\/v2\/product"}],"about":[{"href":"https:\/\/www.mobileakkupower.de\/shop\/wp-json\/wp\/v2\/types\/product"}],"replies":[{"embeddable":true,"href":"https:\/\/www.mobileakkupower.de\/shop\/wp-json\/wp\/v2\/comments?post=1098"}],"wp:featuredmedia":[{"embeddable":true,"href":"https:\/\/www.mobileakkupower.de\/shop\/wp-json\/wp\/v2\/media\/1513"}],"wp:attachment":[{"href":"https:\/\/www.mobileakkupower.de\/shop\/wp-json\/wp\/v2\/media?parent=1098"}],"wp:term":[{"taxonomy":"product_brand","embeddable":true,"href":"https:\/\/www.mobileakkupower.de\/shop\/wp-json\/wp\/v2\/product_brand?post=1098"},{"taxonomy":"product_cat","embeddable":true,"href":"https:\/\/www.mobileakkupower.de\/shop\/wp-json\/wp\/v2\/product_cat?post=1098"},{"taxonomy":"product_tag","embeddable":true,"href":"https:\/\/www.mobileakkupower.de\/shop\/wp-json\/wp\/v2\/product_tag?post=1098"}],"curies":[{"name":"wp","href":"https:\/\/api.w.org\/{rel}","templated":true}]}}