{"id":1116,"date":"2020-03-31T22:25:02","date_gmt":"2020-03-31T20:25:02","guid":{"rendered":"http:\/\/www.mobileakkupower.de\/shop\/?post_type=product&#038;p=1116"},"modified":"2021-02-26T13:25:54","modified_gmt":"2021-02-26T12:25:54","slug":"husqvarna-akku-blasgeraet-525ib-incl-riemen-laubblaeser","status":"publish","type":"product","link":"https:\/\/www.mobileakkupower.de\/shop\/produkt\/husqvarna-akku-blasgeraet-525ib-incl-riemen-laubblaeser\/","title":{"rendered":"Husqvarna Akku Blasger\u00e4t 525iB incl. Riemen Laubbl\u00e4ser"},"content":{"rendered":"<p>Effizientes Akku-Blasger\u00e4t f\u00fcr den professionellen Einsatz. Der niedrige Ger\u00e4uschpegel des Ger\u00e4ts erm\u00f6glicht es Ihnen, in fast allen \u00f6ffentlichen Fl\u00e4chen zu arbeiten. Das Ger\u00e4t l\u00e4sst sich intuitiv Bedienen und ist sehr Leistungsstark. Die Blaskraft kann bei Bedarf \u00fcber den Boost-Power-Modus, gesteigert werden. Zum betreiben stehen verschiedene Steckakkus zur Verf\u00fcgung. Kann aber auf Wunsch auch mit einem komfortablen R\u00fcckenakku betrieben werden. Das Blasger\u00e4t ist IPX4-wettergepr\u00fcft.<\/p>\n<p>Akku-Leistung: 36 V<\/p>\n<p>Luftgeschwindigkeit: 48 m\/s<\/p>\n<p>Luftdurchsatz in der D\u00fcse: 11.6 m\u00b3\/min<\/p>\n<p>Gebl\u00e4seluftstrom: 12.8 m\u00b3\/min<\/p>\n<p>Im Preis inbegriffen:<br \/>\nEinfacher Tragegurt<br \/>\nGer\u00e4t wird ohne Akku und Ladekabel geliefert (Komplett Set gern auf Anfrage)<\/p>\n<p>Geringer Wartungsaufwand<br \/>\nKein Benzin nachf\u00fcllen, wartungsarm und ein elektronisch gesteuertes Antriebssystem &#8211; all das reduziert Ausfallzeiten und senkt die Wartungskosten.<\/p>\n<p>B\u00fcrstenloser Motor<br \/>\nHohes Leistung-zu-Gewicht-Verh\u00e4ltnis f\u00fcr mehr Effizienz, h\u00f6here Zuverl\u00e4ssigkeit, weniger L\u00e4rm und l\u00e4ngere Produktlebensdauer.<\/p>\n<p>Ein Akku f\u00fcr alle Ger\u00e4te<br \/>\nUnser 36V Li-Ionen Akku wurde f\u00fcr eine professionelle und lang andauernde Nutzung entwickelt und passt in alle hangef\u00fchrten Husqvarna Forst- und Gartenger\u00e4te. Sie k\u00f6nnen also ein und denselben Akku f\u00fcr Ihre Husqvarna Akku-Motors\u00e4gen, Akku-Sensen oder Akku-Heckenschere verwenden. (kein Akku im Lieferumfang enthalten)<\/p>\n<p>Kapazit\u00e4t<br \/>\nGebl\u00e4seluftstrom: 12.8 m\u00b3\/min<br \/>\nLuftdurchsatz in der D\u00fcse, Boost-Modus: 798 m\u00b3\/h<br \/>\nLuftgeschwindigkeit, Boost-Modus: 56 m\/s<br \/>\nLuftgeschwindigkeit (Rundd\u00fcse), Boost-Modus: 56 m\/s<\/p>\n<p>Ger\u00e4uschpegel<br \/>\nSchalldruckpegel am Ohr der Bedienperson: 82 dB(A)<\/p>\n<p>Abmessungen<br \/>\nProduktgr\u00f6\u00dfe, LxWxH: 90x12x27 cm<br \/>\nGewicht ohne Akku: 2.4 kg<\/p>\n","protected":false},"excerpt":{"rendered":"<p>967915502 \u00a0 7391883947692<\/p>\n","protected":false},"featured_media":1511,"comment_status":"open","ping_status":"closed","template":"","meta":[],"product_brand":[],"product_cat":[271,111],"product_tag":[],"class_list":{"0":"post-1116","1":"product","2":"type-product","3":"status-publish","4":"has-post-thumbnail","6":"product_cat-gartengeraete-und-zubehoer","7":"product_cat-husqvarna-akku-gartengeraete","9":"first","10":"instock","11":"taxable","12":"shipping-taxable","13":"purchasable","14":"product-type-simple"},"yoast_head":"<!-- This site is optimized with the Yoast SEO plugin v27.4 - https:\/\/yoast.com\/product\/yoast-seo-wordpress\/ -->\n<title>Husqvarna Akku Blasger\u00e4t 525iB incl. Riemen Laubbl\u00e4ser - Shop MobileAkkuPower<\/title>\n<meta name=\"robots\" content=\"index, follow, max-snippet:-1, max-image-preview:large, max-video-preview:-1\" \/>\n<link rel=\"canonical\" href=\"https:\/\/www.mobileakkupower.de\/shop\/produkt\/husqvarna-akku-blasgeraet-525ib-incl-riemen-laubblaeser\/\" \/>\n<meta property=\"og:locale\" content=\"de_DE\" \/>\n<meta property=\"og:type\" content=\"article\" \/>\n<meta property=\"og:title\" content=\"Husqvarna Akku Blasger\u00e4t 525iB incl. Riemen Laubbl\u00e4ser - Shop MobileAkkuPower\" \/>\n<meta property=\"og:description\" content=\"967915502 \u00a0 7391883947692\" \/>\n<meta property=\"og:url\" content=\"https:\/\/www.mobileakkupower.de\/shop\/produkt\/husqvarna-akku-blasgeraet-525ib-incl-riemen-laubblaeser\/\" \/>\n<meta property=\"og:site_name\" content=\"Shop MobileAkkuPower\" \/>\n<meta property=\"article:publisher\" content=\"https:\/\/facebook.com\/derroboterladen\" \/>\n<meta property=\"article:modified_time\" content=\"2021-02-26T12:25:54+00:00\" \/>\n<meta property=\"og:image\" content=\"https:\/\/www.mobileakkupower.de\/shop\/wp-content\/uploads\/2020\/03\/967915502-shop.png\" \/>\n\t<meta property=\"og:image:width\" content=\"300\" \/>\n\t<meta property=\"og:image:height\" content=\"300\" \/>\n\t<meta property=\"og:image:type\" content=\"image\/png\" \/>\n<meta name=\"twitter:card\" content=\"summary_large_image\" \/>\n<meta name=\"twitter:label1\" content=\"Gesch\u00e4tzte Lesezeit\" \/>\n\t<meta name=\"twitter:data1\" content=\"1\u00a0Minute\" \/>\n<script type=\"application\/ld+json\" class=\"yoast-schema-graph\">{\"@context\":\"https:\\\/\\\/schema.org\",\"@graph\":[{\"@type\":\"WebPage\",\"@id\":\"https:\\\/\\\/www.mobileakkupower.de\\\/shop\\\/produkt\\\/husqvarna-akku-blasgeraet-525ib-incl-riemen-laubblaeser\\\/\",\"url\":\"https:\\\/\\\/www.mobileakkupower.de\\\/shop\\\/produkt\\\/husqvarna-akku-blasgeraet-525ib-incl-riemen-laubblaeser\\\/\",\"name\":\"Husqvarna Akku Blasger\u00e4t 525iB incl. Riemen Laubbl\u00e4ser - Shop MobileAkkuPower\",\"isPartOf\":{\"@id\":\"https:\\\/\\\/www.mobileakkupower.de\\\/shop\\\/#website\"},\"primaryImageOfPage\":{\"@id\":\"https:\\\/\\\/www.mobileakkupower.de\\\/shop\\\/produkt\\\/husqvarna-akku-blasgeraet-525ib-incl-riemen-laubblaeser\\\/#primaryimage\"},\"image\":{\"@id\":\"https:\\\/\\\/www.mobileakkupower.de\\\/shop\\\/produkt\\\/husqvarna-akku-blasgeraet-525ib-incl-riemen-laubblaeser\\\/#primaryimage\"},\"thumbnailUrl\":\"https:\\\/\\\/www.mobileakkupower.de\\\/shop\\\/wp-content\\\/uploads\\\/2020\\\/03\\\/967915502-shop.png\",\"datePublished\":\"2020-03-31T20:25:02+00:00\",\"dateModified\":\"2021-02-26T12:25:54+00:00\",\"breadcrumb\":{\"@id\":\"https:\\\/\\\/www.mobileakkupower.de\\\/shop\\\/produkt\\\/husqvarna-akku-blasgeraet-525ib-incl-riemen-laubblaeser\\\/#breadcrumb\"},\"inLanguage\":\"de\",\"potentialAction\":[{\"@type\":\"ReadAction\",\"target\":[\"https:\\\/\\\/www.mobileakkupower.de\\\/shop\\\/produkt\\\/husqvarna-akku-blasgeraet-525ib-incl-riemen-laubblaeser\\\/\"]}]},{\"@type\":\"ImageObject\",\"inLanguage\":\"de\",\"@id\":\"https:\\\/\\\/www.mobileakkupower.de\\\/shop\\\/produkt\\\/husqvarna-akku-blasgeraet-525ib-incl-riemen-laubblaeser\\\/#primaryimage\",\"url\":\"https:\\\/\\\/www.mobileakkupower.de\\\/shop\\\/wp-content\\\/uploads\\\/2020\\\/03\\\/967915502-shop.png\",\"contentUrl\":\"https:\\\/\\\/www.mobileakkupower.de\\\/shop\\\/wp-content\\\/uploads\\\/2020\\\/03\\\/967915502-shop.png\",\"width\":300,\"height\":300},{\"@type\":\"BreadcrumbList\",\"@id\":\"https:\\\/\\\/www.mobileakkupower.de\\\/shop\\\/produkt\\\/husqvarna-akku-blasgeraet-525ib-incl-riemen-laubblaeser\\\/#breadcrumb\",\"itemListElement\":[{\"@type\":\"ListItem\",\"position\":1,\"name\":\"Startseite\",\"item\":\"https:\\\/\\\/www.mobileakkupower.de\\\/shop\\\/\"},{\"@type\":\"ListItem\",\"position\":2,\"name\":\"Shop\",\"item\":\"https:\\\/\\\/www.mobileakkupower.de\\\/shop\\\/shop\\\/\"},{\"@type\":\"ListItem\",\"position\":3,\"name\":\"Husqvarna Akku Blasger\u00e4t 525iB incl. Riemen Laubbl\u00e4ser\"}]},{\"@type\":\"WebSite\",\"@id\":\"https:\\\/\\\/www.mobileakkupower.de\\\/shop\\\/#website\",\"url\":\"https:\\\/\\\/www.mobileakkupower.de\\\/shop\\\/\",\"name\":\"Shop MobileAkkuPower\",\"description\":\"\",\"publisher\":{\"@id\":\"https:\\\/\\\/www.mobileakkupower.de\\\/shop\\\/#organization\"},\"potentialAction\":[{\"@type\":\"SearchAction\",\"target\":{\"@type\":\"EntryPoint\",\"urlTemplate\":\"https:\\\/\\\/www.mobileakkupower.de\\\/shop\\\/?s={search_term_string}\"},\"query-input\":{\"@type\":\"PropertyValueSpecification\",\"valueRequired\":true,\"valueName\":\"search_term_string\"}}],\"inLanguage\":\"de\"},{\"@type\":\"Organization\",\"@id\":\"https:\\\/\\\/www.mobileakkupower.de\\\/shop\\\/#organization\",\"name\":\"Shop MobileAkkuPower\",\"url\":\"https:\\\/\\\/www.mobileakkupower.de\\\/shop\\\/\",\"logo\":{\"@type\":\"ImageObject\",\"inLanguage\":\"de\",\"@id\":\"https:\\\/\\\/www.mobileakkupower.de\\\/shop\\\/#\\\/schema\\\/logo\\\/image\\\/\",\"url\":\"https:\\\/\\\/www.mobileakkupower.de\\\/shop\\\/wp-content\\\/uploads\\\/2019\\\/01\\\/cropped-logo-map.png\",\"contentUrl\":\"https:\\\/\\\/www.mobileakkupower.de\\\/shop\\\/wp-content\\\/uploads\\\/2019\\\/01\\\/cropped-logo-map.png\",\"width\":646,\"height\":114,\"caption\":\"Shop MobileAkkuPower\"},\"image\":{\"@id\":\"https:\\\/\\\/www.mobileakkupower.de\\\/shop\\\/#\\\/schema\\\/logo\\\/image\\\/\"},\"sameAs\":[\"https:\\\/\\\/facebook.com\\\/derroboterladen\"]}]}<\/script>\n<!-- \/ Yoast SEO plugin. -->","yoast_head_json":{"title":"Husqvarna Akku Blasger\u00e4t 525iB incl. Riemen Laubbl\u00e4ser - Shop MobileAkkuPower","robots":{"index":"index","follow":"follow","max-snippet":"max-snippet:-1","max-image-preview":"max-image-preview:large","max-video-preview":"max-video-preview:-1"},"canonical":"https:\/\/www.mobileakkupower.de\/shop\/produkt\/husqvarna-akku-blasgeraet-525ib-incl-riemen-laubblaeser\/","og_locale":"de_DE","og_type":"article","og_title":"Husqvarna Akku Blasger\u00e4t 525iB incl. Riemen Laubbl\u00e4ser - Shop MobileAkkuPower","og_description":"967915502 \u00a0 7391883947692","og_url":"https:\/\/www.mobileakkupower.de\/shop\/produkt\/husqvarna-akku-blasgeraet-525ib-incl-riemen-laubblaeser\/","og_site_name":"Shop MobileAkkuPower","article_publisher":"https:\/\/facebook.com\/derroboterladen","article_modified_time":"2021-02-26T12:25:54+00:00","og_image":[{"width":300,"height":300,"url":"https:\/\/www.mobileakkupower.de\/shop\/wp-content\/uploads\/2020\/03\/967915502-shop.png","type":"image\/png"}],"twitter_card":"summary_large_image","twitter_misc":{"Gesch\u00e4tzte Lesezeit":"1\u00a0Minute"},"schema":{"@context":"https:\/\/schema.org","@graph":[{"@type":"WebPage","@id":"https:\/\/www.mobileakkupower.de\/shop\/produkt\/husqvarna-akku-blasgeraet-525ib-incl-riemen-laubblaeser\/","url":"https:\/\/www.mobileakkupower.de\/shop\/produkt\/husqvarna-akku-blasgeraet-525ib-incl-riemen-laubblaeser\/","name":"Husqvarna Akku Blasger\u00e4t 525iB incl. Riemen Laubbl\u00e4ser - Shop MobileAkkuPower","isPartOf":{"@id":"https:\/\/www.mobileakkupower.de\/shop\/#website"},"primaryImageOfPage":{"@id":"https:\/\/www.mobileakkupower.de\/shop\/produkt\/husqvarna-akku-blasgeraet-525ib-incl-riemen-laubblaeser\/#primaryimage"},"image":{"@id":"https:\/\/www.mobileakkupower.de\/shop\/produkt\/husqvarna-akku-blasgeraet-525ib-incl-riemen-laubblaeser\/#primaryimage"},"thumbnailUrl":"https:\/\/www.mobileakkupower.de\/shop\/wp-content\/uploads\/2020\/03\/967915502-shop.png","datePublished":"2020-03-31T20:25:02+00:00","dateModified":"2021-02-26T12:25:54+00:00","breadcrumb":{"@id":"https:\/\/www.mobileakkupower.de\/shop\/produkt\/husqvarna-akku-blasgeraet-525ib-incl-riemen-laubblaeser\/#breadcrumb"},"inLanguage":"de","potentialAction":[{"@type":"ReadAction","target":["https:\/\/www.mobileakkupower.de\/shop\/produkt\/husqvarna-akku-blasgeraet-525ib-incl-riemen-laubblaeser\/"]}]},{"@type":"ImageObject","inLanguage":"de","@id":"https:\/\/www.mobileakkupower.de\/shop\/produkt\/husqvarna-akku-blasgeraet-525ib-incl-riemen-laubblaeser\/#primaryimage","url":"https:\/\/www.mobileakkupower.de\/shop\/wp-content\/uploads\/2020\/03\/967915502-shop.png","contentUrl":"https:\/\/www.mobileakkupower.de\/shop\/wp-content\/uploads\/2020\/03\/967915502-shop.png","width":300,"height":300},{"@type":"BreadcrumbList","@id":"https:\/\/www.mobileakkupower.de\/shop\/produkt\/husqvarna-akku-blasgeraet-525ib-incl-riemen-laubblaeser\/#breadcrumb","itemListElement":[{"@type":"ListItem","position":1,"name":"Startseite","item":"https:\/\/www.mobileakkupower.de\/shop\/"},{"@type":"ListItem","position":2,"name":"Shop","item":"https:\/\/www.mobileakkupower.de\/shop\/shop\/"},{"@type":"ListItem","position":3,"name":"Husqvarna Akku Blasger\u00e4t 525iB incl. Riemen Laubbl\u00e4ser"}]},{"@type":"WebSite","@id":"https:\/\/www.mobileakkupower.de\/shop\/#website","url":"https:\/\/www.mobileakkupower.de\/shop\/","name":"Shop MobileAkkuPower","description":"","publisher":{"@id":"https:\/\/www.mobileakkupower.de\/shop\/#organization"},"potentialAction":[{"@type":"SearchAction","target":{"@type":"EntryPoint","urlTemplate":"https:\/\/www.mobileakkupower.de\/shop\/?s={search_term_string}"},"query-input":{"@type":"PropertyValueSpecification","valueRequired":true,"valueName":"search_term_string"}}],"inLanguage":"de"},{"@type":"Organization","@id":"https:\/\/www.mobileakkupower.de\/shop\/#organization","name":"Shop MobileAkkuPower","url":"https:\/\/www.mobileakkupower.de\/shop\/","logo":{"@type":"ImageObject","inLanguage":"de","@id":"https:\/\/www.mobileakkupower.de\/shop\/#\/schema\/logo\/image\/","url":"https:\/\/www.mobileakkupower.de\/shop\/wp-content\/uploads\/2019\/01\/cropped-logo-map.png","contentUrl":"https:\/\/www.mobileakkupower.de\/shop\/wp-content\/uploads\/2019\/01\/cropped-logo-map.png","width":646,"height":114,"caption":"Shop MobileAkkuPower"},"image":{"@id":"https:\/\/www.mobileakkupower.de\/shop\/#\/schema\/logo\/image\/"},"sameAs":["https:\/\/facebook.com\/derroboterladen"]}]}},"_links":{"self":[{"href":"https:\/\/www.mobileakkupower.de\/shop\/wp-json\/wp\/v2\/product\/1116","targetHints":{"allow":["GET"]}}],"collection":[{"href":"https:\/\/www.mobileakkupower.de\/shop\/wp-json\/wp\/v2\/product"}],"about":[{"href":"https:\/\/www.mobileakkupower.de\/shop\/wp-json\/wp\/v2\/types\/product"}],"replies":[{"embeddable":true,"href":"https:\/\/www.mobileakkupower.de\/shop\/wp-json\/wp\/v2\/comments?post=1116"}],"wp:featuredmedia":[{"embeddable":true,"href":"https:\/\/www.mobileakkupower.de\/shop\/wp-json\/wp\/v2\/media\/1511"}],"wp:attachment":[{"href":"https:\/\/www.mobileakkupower.de\/shop\/wp-json\/wp\/v2\/media?parent=1116"}],"wp:term":[{"taxonomy":"product_brand","embeddable":true,"href":"https:\/\/www.mobileakkupower.de\/shop\/wp-json\/wp\/v2\/product_brand?post=1116"},{"taxonomy":"product_cat","embeddable":true,"href":"https:\/\/www.mobileakkupower.de\/shop\/wp-json\/wp\/v2\/product_cat?post=1116"},{"taxonomy":"product_tag","embeddable":true,"href":"https:\/\/www.mobileakkupower.de\/shop\/wp-json\/wp\/v2\/product_tag?post=1116"}],"curies":[{"name":"wp","href":"https:\/\/api.w.org\/{rel}","templated":true}]}}