{"id":1552,"date":"2021-03-23T15:15:13","date_gmt":"2021-03-23T14:15:13","guid":{"rendered":"http:\/\/www.mobileakkupower.de\/shop\/?post_type=product&#038;p=1552"},"modified":"2023-03-08T11:35:24","modified_gmt":"2023-03-08T10:35:24","slug":"husqvarna-am-405x-flaechen-bis-zu-600m%c2%b2","status":"publish","type":"product","link":"https:\/\/www.mobileakkupower.de\/shop\/produkt\/husqvarna-am-405x-flaechen-bis-zu-600m%c2%b2\/","title":{"rendered":"Husqvarna AM 405X &#8211; Fl\u00e4chen bis zu 600m\u00b2"},"content":{"rendered":"<p>Husqvarna Automower\u00ae 405X, ist ein zuverl\u00e4ssiges und leistungsstarkes Modell der X-Line-Serie, das f\u00fcr kleinere Rasenfl\u00e4chen geeignet ist. Es m\u00e4ht komplizierte Rasenfl\u00e4chen bis zu 600 m\u00b2, verf\u00fcgt \u00fcber ein systematisches Durchgangsm\u00e4hsystem f\u00fcr perfekt geschnittene enge Durchg\u00e4nge. Automower 405X bew\u00e4ltigt problemlos H\u00e4nge mit einer Steigung von 40%. Viele Features wie elektrischer Schnitth\u00f6henverstellung, TargetHeight, Frostsensor, Wettertimer uvm. sorgen f\u00fcr eine wundersch\u00f6ne Rasenoberfl\u00e4che. Der M\u00e4her kann rundum mit einem Wasserschlauch gereinigt werden. Als Mitglied unserer X-Line-Reihe ist der M\u00e4her mit Automower\u00ae Connect ausgestattet und bietet mit FOTA (Firmware over the air), GPS-Diebstahlverfolgung und GPS-gest\u00fctzter Navigation zus\u00e4tzliche Funktionen, damit Sie jederzeit die volle Kontrolle \u00fcber das Ger\u00e4te behalten. Das X-Line-Design beinhaltet ebenfalls LED-Scheinwerfer, Frontsto\u00dfstange und farbigen Radkappen. <\/p>\n","protected":false},"excerpt":{"rendered":"<p>Husqvarna Automower\u00ae 405X, ist ein zuverl\u00e4ssiges und leistungsstarkes Modell der X-Line-Serie, das f\u00fcr kleinere Rasenfl\u00e4chen geeignet ist. Es m\u00e4ht komplizierte Rasenfl\u00e4chen bis zu 600 m\u00b2, verf\u00fcgt \u00fcber ein systematisches Durchgangsm\u00e4hsystem f\u00fcr perfekt geschnittene enge Durchg\u00e4nge. Automower 405X bew\u00e4ltigt problemlos H\u00e4nge mit einer Steigung von 40%. Viele Features wie elektrischer Schnitth\u00f6henverstellung, TargetHeight, Frostsensor, Wettertimer uvm. sorgen [&hellip;]<\/p>\n","protected":false},"featured_media":1553,"comment_status":"open","ping_status":"closed","template":"","meta":[],"product_brand":[],"product_cat":[34],"product_tag":[283],"class_list":{"0":"post-1552","1":"product","2":"type-product","3":"status-publish","4":"has-post-thumbnail","6":"product_cat-husqvarna-automower","7":"product_tag-husqvarna-am-405x","8":"product_shipping_class-dhl-paket","10":"first","11":"instock","12":"taxable","13":"shipping-taxable","14":"purchasable","15":"product-type-simple"},"yoast_head":"<!-- This site is optimized with the Yoast SEO plugin v27.5 - https:\/\/yoast.com\/product\/yoast-seo-wordpress\/ -->\n<title>Husqvarna AM 405X - Fl\u00e4chen bis zu 600m\u00b2 - Shop MobileAkkuPower<\/title>\n<meta name=\"robots\" content=\"index, follow, max-snippet:-1, max-image-preview:large, max-video-preview:-1\" \/>\n<link rel=\"canonical\" href=\"https:\/\/www.mobileakkupower.de\/shop\/produkt\/husqvarna-am-405x-flaechen-bis-zu-600m\u00b2\/\" \/>\n<meta property=\"og:locale\" content=\"de_DE\" \/>\n<meta property=\"og:type\" content=\"article\" \/>\n<meta property=\"og:title\" content=\"Husqvarna AM 405X - Fl\u00e4chen bis zu 600m\u00b2 - Shop MobileAkkuPower\" \/>\n<meta property=\"og:description\" content=\"Husqvarna Automower\u00ae 405X, ist ein zuverl\u00e4ssiges und leistungsstarkes Modell der X-Line-Serie, das f\u00fcr kleinere Rasenfl\u00e4chen geeignet ist. Es m\u00e4ht komplizierte Rasenfl\u00e4chen bis zu 600 m\u00b2, verf\u00fcgt \u00fcber ein systematisches Durchgangsm\u00e4hsystem f\u00fcr perfekt geschnittene enge Durchg\u00e4nge. Automower 405X bew\u00e4ltigt problemlos H\u00e4nge mit einer Steigung von 40%. Viele Features wie elektrischer Schnitth\u00f6henverstellung, TargetHeight, Frostsensor, Wettertimer uvm. sorgen [&hellip;]\" \/>\n<meta property=\"og:url\" content=\"https:\/\/www.mobileakkupower.de\/shop\/produkt\/husqvarna-am-405x-flaechen-bis-zu-600m\u00b2\/\" \/>\n<meta property=\"og:site_name\" content=\"Shop MobileAkkuPower\" \/>\n<meta property=\"article:publisher\" content=\"https:\/\/facebook.com\/derroboterladen\" \/>\n<meta property=\"article:modified_time\" content=\"2023-03-08T10:35:24+00:00\" \/>\n<meta property=\"og:image\" content=\"http:\/\/www.mobileakkupower.de\/shop\/wp-content\/uploads\/2021\/03\/970456212.png\" \/>\n\t<meta property=\"og:image:width\" content=\"300\" \/>\n\t<meta property=\"og:image:height\" content=\"300\" \/>\n\t<meta property=\"og:image:type\" content=\"image\/png\" \/>\n<meta name=\"twitter:card\" content=\"summary_large_image\" \/>\n<meta name=\"twitter:label1\" content=\"Gesch\u00e4tzte Lesezeit\" \/>\n\t<meta name=\"twitter:data1\" content=\"1\u00a0Minute\" \/>\n<script type=\"application\/ld+json\" class=\"yoast-schema-graph\">{\"@context\":\"https:\\\/\\\/schema.org\",\"@graph\":[{\"@type\":\"WebPage\",\"@id\":\"https:\\\/\\\/www.mobileakkupower.de\\\/shop\\\/produkt\\\/husqvarna-am-405x-flaechen-bis-zu-600m%c2%b2\\\/\",\"url\":\"https:\\\/\\\/www.mobileakkupower.de\\\/shop\\\/produkt\\\/husqvarna-am-405x-flaechen-bis-zu-600m%c2%b2\\\/\",\"name\":\"Husqvarna AM 405X - Fl\u00e4chen bis zu 600m\u00b2 - Shop MobileAkkuPower\",\"isPartOf\":{\"@id\":\"https:\\\/\\\/www.mobileakkupower.de\\\/shop\\\/#website\"},\"primaryImageOfPage\":{\"@id\":\"https:\\\/\\\/www.mobileakkupower.de\\\/shop\\\/produkt\\\/husqvarna-am-405x-flaechen-bis-zu-600m%c2%b2\\\/#primaryimage\"},\"image\":{\"@id\":\"https:\\\/\\\/www.mobileakkupower.de\\\/shop\\\/produkt\\\/husqvarna-am-405x-flaechen-bis-zu-600m%c2%b2\\\/#primaryimage\"},\"thumbnailUrl\":\"https:\\\/\\\/www.mobileakkupower.de\\\/shop\\\/wp-content\\\/uploads\\\/2021\\\/03\\\/970456212.png\",\"datePublished\":\"2021-03-23T14:15:13+00:00\",\"dateModified\":\"2023-03-08T10:35:24+00:00\",\"breadcrumb\":{\"@id\":\"https:\\\/\\\/www.mobileakkupower.de\\\/shop\\\/produkt\\\/husqvarna-am-405x-flaechen-bis-zu-600m%c2%b2\\\/#breadcrumb\"},\"inLanguage\":\"de\",\"potentialAction\":[{\"@type\":\"ReadAction\",\"target\":[\"https:\\\/\\\/www.mobileakkupower.de\\\/shop\\\/produkt\\\/husqvarna-am-405x-flaechen-bis-zu-600m%c2%b2\\\/\"]}]},{\"@type\":\"ImageObject\",\"inLanguage\":\"de\",\"@id\":\"https:\\\/\\\/www.mobileakkupower.de\\\/shop\\\/produkt\\\/husqvarna-am-405x-flaechen-bis-zu-600m%c2%b2\\\/#primaryimage\",\"url\":\"https:\\\/\\\/www.mobileakkupower.de\\\/shop\\\/wp-content\\\/uploads\\\/2021\\\/03\\\/970456212.png\",\"contentUrl\":\"https:\\\/\\\/www.mobileakkupower.de\\\/shop\\\/wp-content\\\/uploads\\\/2021\\\/03\\\/970456212.png\",\"width\":300,\"height\":300},{\"@type\":\"BreadcrumbList\",\"@id\":\"https:\\\/\\\/www.mobileakkupower.de\\\/shop\\\/produkt\\\/husqvarna-am-405x-flaechen-bis-zu-600m%c2%b2\\\/#breadcrumb\",\"itemListElement\":[{\"@type\":\"ListItem\",\"position\":1,\"name\":\"Startseite\",\"item\":\"https:\\\/\\\/www.mobileakkupower.de\\\/shop\\\/\"},{\"@type\":\"ListItem\",\"position\":2,\"name\":\"Shop\",\"item\":\"https:\\\/\\\/www.mobileakkupower.de\\\/shop\\\/shop\\\/\"},{\"@type\":\"ListItem\",\"position\":3,\"name\":\"Husqvarna AM 405X &#8211; Fl\u00e4chen bis zu 600m\u00b2\"}]},{\"@type\":\"WebSite\",\"@id\":\"https:\\\/\\\/www.mobileakkupower.de\\\/shop\\\/#website\",\"url\":\"https:\\\/\\\/www.mobileakkupower.de\\\/shop\\\/\",\"name\":\"Shop MobileAkkuPower\",\"description\":\"\",\"publisher\":{\"@id\":\"https:\\\/\\\/www.mobileakkupower.de\\\/shop\\\/#organization\"},\"potentialAction\":[{\"@type\":\"SearchAction\",\"target\":{\"@type\":\"EntryPoint\",\"urlTemplate\":\"https:\\\/\\\/www.mobileakkupower.de\\\/shop\\\/?s={search_term_string}\"},\"query-input\":{\"@type\":\"PropertyValueSpecification\",\"valueRequired\":true,\"valueName\":\"search_term_string\"}}],\"inLanguage\":\"de\"},{\"@type\":\"Organization\",\"@id\":\"https:\\\/\\\/www.mobileakkupower.de\\\/shop\\\/#organization\",\"name\":\"Shop MobileAkkuPower\",\"url\":\"https:\\\/\\\/www.mobileakkupower.de\\\/shop\\\/\",\"logo\":{\"@type\":\"ImageObject\",\"inLanguage\":\"de\",\"@id\":\"https:\\\/\\\/www.mobileakkupower.de\\\/shop\\\/#\\\/schema\\\/logo\\\/image\\\/\",\"url\":\"https:\\\/\\\/www.mobileakkupower.de\\\/shop\\\/wp-content\\\/uploads\\\/2019\\\/01\\\/cropped-logo-map.png\",\"contentUrl\":\"https:\\\/\\\/www.mobileakkupower.de\\\/shop\\\/wp-content\\\/uploads\\\/2019\\\/01\\\/cropped-logo-map.png\",\"width\":646,\"height\":114,\"caption\":\"Shop MobileAkkuPower\"},\"image\":{\"@id\":\"https:\\\/\\\/www.mobileakkupower.de\\\/shop\\\/#\\\/schema\\\/logo\\\/image\\\/\"},\"sameAs\":[\"https:\\\/\\\/facebook.com\\\/derroboterladen\"]}]}<\/script>\n<!-- \/ Yoast SEO plugin. -->","yoast_head_json":{"title":"Husqvarna AM 405X - Fl\u00e4chen bis zu 600m\u00b2 - Shop MobileAkkuPower","robots":{"index":"index","follow":"follow","max-snippet":"max-snippet:-1","max-image-preview":"max-image-preview:large","max-video-preview":"max-video-preview:-1"},"canonical":"https:\/\/www.mobileakkupower.de\/shop\/produkt\/husqvarna-am-405x-flaechen-bis-zu-600m\u00b2\/","og_locale":"de_DE","og_type":"article","og_title":"Husqvarna AM 405X - Fl\u00e4chen bis zu 600m\u00b2 - Shop MobileAkkuPower","og_description":"Husqvarna Automower\u00ae 405X, ist ein zuverl\u00e4ssiges und leistungsstarkes Modell der X-Line-Serie, das f\u00fcr kleinere Rasenfl\u00e4chen geeignet ist. Es m\u00e4ht komplizierte Rasenfl\u00e4chen bis zu 600 m\u00b2, verf\u00fcgt \u00fcber ein systematisches Durchgangsm\u00e4hsystem f\u00fcr perfekt geschnittene enge Durchg\u00e4nge. Automower 405X bew\u00e4ltigt problemlos H\u00e4nge mit einer Steigung von 40%. Viele Features wie elektrischer Schnitth\u00f6henverstellung, TargetHeight, Frostsensor, Wettertimer uvm. sorgen [&hellip;]","og_url":"https:\/\/www.mobileakkupower.de\/shop\/produkt\/husqvarna-am-405x-flaechen-bis-zu-600m\u00b2\/","og_site_name":"Shop MobileAkkuPower","article_publisher":"https:\/\/facebook.com\/derroboterladen","article_modified_time":"2023-03-08T10:35:24+00:00","og_image":[{"width":300,"height":300,"url":"http:\/\/www.mobileakkupower.de\/shop\/wp-content\/uploads\/2021\/03\/970456212.png","type":"image\/png"}],"twitter_card":"summary_large_image","twitter_misc":{"Gesch\u00e4tzte Lesezeit":"1\u00a0Minute"},"schema":{"@context":"https:\/\/schema.org","@graph":[{"@type":"WebPage","@id":"https:\/\/www.mobileakkupower.de\/shop\/produkt\/husqvarna-am-405x-flaechen-bis-zu-600m%c2%b2\/","url":"https:\/\/www.mobileakkupower.de\/shop\/produkt\/husqvarna-am-405x-flaechen-bis-zu-600m%c2%b2\/","name":"Husqvarna AM 405X - Fl\u00e4chen bis zu 600m\u00b2 - Shop MobileAkkuPower","isPartOf":{"@id":"https:\/\/www.mobileakkupower.de\/shop\/#website"},"primaryImageOfPage":{"@id":"https:\/\/www.mobileakkupower.de\/shop\/produkt\/husqvarna-am-405x-flaechen-bis-zu-600m%c2%b2\/#primaryimage"},"image":{"@id":"https:\/\/www.mobileakkupower.de\/shop\/produkt\/husqvarna-am-405x-flaechen-bis-zu-600m%c2%b2\/#primaryimage"},"thumbnailUrl":"https:\/\/www.mobileakkupower.de\/shop\/wp-content\/uploads\/2021\/03\/970456212.png","datePublished":"2021-03-23T14:15:13+00:00","dateModified":"2023-03-08T10:35:24+00:00","breadcrumb":{"@id":"https:\/\/www.mobileakkupower.de\/shop\/produkt\/husqvarna-am-405x-flaechen-bis-zu-600m%c2%b2\/#breadcrumb"},"inLanguage":"de","potentialAction":[{"@type":"ReadAction","target":["https:\/\/www.mobileakkupower.de\/shop\/produkt\/husqvarna-am-405x-flaechen-bis-zu-600m%c2%b2\/"]}]},{"@type":"ImageObject","inLanguage":"de","@id":"https:\/\/www.mobileakkupower.de\/shop\/produkt\/husqvarna-am-405x-flaechen-bis-zu-600m%c2%b2\/#primaryimage","url":"https:\/\/www.mobileakkupower.de\/shop\/wp-content\/uploads\/2021\/03\/970456212.png","contentUrl":"https:\/\/www.mobileakkupower.de\/shop\/wp-content\/uploads\/2021\/03\/970456212.png","width":300,"height":300},{"@type":"BreadcrumbList","@id":"https:\/\/www.mobileakkupower.de\/shop\/produkt\/husqvarna-am-405x-flaechen-bis-zu-600m%c2%b2\/#breadcrumb","itemListElement":[{"@type":"ListItem","position":1,"name":"Startseite","item":"https:\/\/www.mobileakkupower.de\/shop\/"},{"@type":"ListItem","position":2,"name":"Shop","item":"https:\/\/www.mobileakkupower.de\/shop\/shop\/"},{"@type":"ListItem","position":3,"name":"Husqvarna AM 405X &#8211; Fl\u00e4chen bis zu 600m\u00b2"}]},{"@type":"WebSite","@id":"https:\/\/www.mobileakkupower.de\/shop\/#website","url":"https:\/\/www.mobileakkupower.de\/shop\/","name":"Shop MobileAkkuPower","description":"","publisher":{"@id":"https:\/\/www.mobileakkupower.de\/shop\/#organization"},"potentialAction":[{"@type":"SearchAction","target":{"@type":"EntryPoint","urlTemplate":"https:\/\/www.mobileakkupower.de\/shop\/?s={search_term_string}"},"query-input":{"@type":"PropertyValueSpecification","valueRequired":true,"valueName":"search_term_string"}}],"inLanguage":"de"},{"@type":"Organization","@id":"https:\/\/www.mobileakkupower.de\/shop\/#organization","name":"Shop MobileAkkuPower","url":"https:\/\/www.mobileakkupower.de\/shop\/","logo":{"@type":"ImageObject","inLanguage":"de","@id":"https:\/\/www.mobileakkupower.de\/shop\/#\/schema\/logo\/image\/","url":"https:\/\/www.mobileakkupower.de\/shop\/wp-content\/uploads\/2019\/01\/cropped-logo-map.png","contentUrl":"https:\/\/www.mobileakkupower.de\/shop\/wp-content\/uploads\/2019\/01\/cropped-logo-map.png","width":646,"height":114,"caption":"Shop MobileAkkuPower"},"image":{"@id":"https:\/\/www.mobileakkupower.de\/shop\/#\/schema\/logo\/image\/"},"sameAs":["https:\/\/facebook.com\/derroboterladen"]}]}},"_links":{"self":[{"href":"https:\/\/www.mobileakkupower.de\/shop\/wp-json\/wp\/v2\/product\/1552","targetHints":{"allow":["GET"]}}],"collection":[{"href":"https:\/\/www.mobileakkupower.de\/shop\/wp-json\/wp\/v2\/product"}],"about":[{"href":"https:\/\/www.mobileakkupower.de\/shop\/wp-json\/wp\/v2\/types\/product"}],"replies":[{"embeddable":true,"href":"https:\/\/www.mobileakkupower.de\/shop\/wp-json\/wp\/v2\/comments?post=1552"}],"wp:featuredmedia":[{"embeddable":true,"href":"https:\/\/www.mobileakkupower.de\/shop\/wp-json\/wp\/v2\/media\/1553"}],"wp:attachment":[{"href":"https:\/\/www.mobileakkupower.de\/shop\/wp-json\/wp\/v2\/media?parent=1552"}],"wp:term":[{"taxonomy":"product_brand","embeddable":true,"href":"https:\/\/www.mobileakkupower.de\/shop\/wp-json\/wp\/v2\/product_brand?post=1552"},{"taxonomy":"product_cat","embeddable":true,"href":"https:\/\/www.mobileakkupower.de\/shop\/wp-json\/wp\/v2\/product_cat?post=1552"},{"taxonomy":"product_tag","embeddable":true,"href":"https:\/\/www.mobileakkupower.de\/shop\/wp-json\/wp\/v2\/product_tag?post=1552"}],"curies":[{"name":"wp","href":"https:\/\/api.w.org\/{rel}","templated":true}]}}