{"id":1728,"date":"2022-01-19T15:31:54","date_gmt":"2022-01-19T14:31:54","guid":{"rendered":"https:\/\/www.mobileakkupower.de\/shop\/?post_type=product&#038;p=1728"},"modified":"2022-07-29T17:05:11","modified_gmt":"2022-07-29T15:05:11","slug":"husqvarna-am-550-epos-flaechen-bis-zu-5000m%c2%b2","status":"publish","type":"product","link":"https:\/\/www.mobileakkupower.de\/shop\/produkt\/husqvarna-am-550-epos-flaechen-bis-zu-5000m%c2%b2\/","title":{"rendered":"HUSQVARNA AM 550 EPOS &#8211; Fl\u00e4chen bis zu 5000m\u00b2"},"content":{"rendered":"<p>Husqvarna EPOS (Exact Positioning Operating System) ist eine bahnbrechende Technologie im Bereich des autonomen M\u00e4hens. Die satellitengest\u00fctzte L\u00f6sung erlaubt den kabellosen Betrieb von Profi-Automower M\u00e4hrobotern. Statt mit einem an den Rasenr\u00e4ndern verlegten Begrenzungskabel definiert das hochpr\u00e4zise Satellitennavigationssystem den M\u00e4hbereich mithilfe virtueller Grenzen. Die unkomplizierte und flexible L\u00f6sung eignet sich daher hervorragend f\u00fcr den Einsatz auf \u00f6ffentlichen Gr\u00fcnfl\u00e4chen\u2026<br \/>\n970465312<\/p>\n","protected":false},"excerpt":{"rendered":"<p>Husqvarna EPOS (Exact Positioning Operating System) ist eine bahnbrechende Technologie im Bereich des autonomen M\u00e4hens. Die satellitengest\u00fctzte L\u00f6sung erlaubt den kabellosen Betrieb von Profi-Automower M\u00e4hrobotern. Statt mit einem an den Rasenr\u00e4ndern verlegten Begrenzungskabel definiert das hochpr\u00e4zise Satellitennavigationssystem den M\u00e4hbereich mithilfe virtueller Grenzen. Die unkomplizierte und flexible L\u00f6sung eignet sich daher hervorragend f\u00fcr den Einsatz auf [&hellip;]<\/p>\n","protected":false},"featured_media":1729,"comment_status":"closed","ping_status":"closed","template":"","meta":[],"product_brand":[],"product_cat":[34],"product_tag":[296,294,295],"class_list":{"0":"post-1728","1":"product","2":"type-product","3":"status-publish","4":"has-post-thumbnail","6":"product_cat-husqvarna-automower","7":"product_tag-296","8":"product_tag-epos","9":"product_tag-husqvarna","11":"first","12":"instock","13":"taxable","14":"shipping-taxable","15":"purchasable","16":"product-type-simple"},"yoast_head":"<!-- This site is optimized with the Yoast SEO plugin v27.5 - https:\/\/yoast.com\/product\/yoast-seo-wordpress\/ -->\n<title>HUSQVARNA AM 550 EPOS - Fl\u00e4chen bis zu 5000m\u00b2 - Shop MobileAkkuPower<\/title>\n<meta name=\"robots\" content=\"index, follow, max-snippet:-1, max-image-preview:large, max-video-preview:-1\" \/>\n<link rel=\"canonical\" href=\"https:\/\/www.mobileakkupower.de\/shop\/produkt\/husqvarna-am-550-epos-flaechen-bis-zu-5000m\u00b2\/\" \/>\n<meta property=\"og:locale\" content=\"de_DE\" \/>\n<meta property=\"og:type\" content=\"article\" \/>\n<meta property=\"og:title\" content=\"HUSQVARNA AM 550 EPOS - Fl\u00e4chen bis zu 5000m\u00b2 - Shop MobileAkkuPower\" \/>\n<meta property=\"og:description\" content=\"Husqvarna EPOS (Exact Positioning Operating System) ist eine bahnbrechende Technologie im Bereich des autonomen M\u00e4hens. Die satellitengest\u00fctzte L\u00f6sung erlaubt den kabellosen Betrieb von Profi-Automower M\u00e4hrobotern. Statt mit einem an den Rasenr\u00e4ndern verlegten Begrenzungskabel definiert das hochpr\u00e4zise Satellitennavigationssystem den M\u00e4hbereich mithilfe virtueller Grenzen. Die unkomplizierte und flexible L\u00f6sung eignet sich daher hervorragend f\u00fcr den Einsatz auf [&hellip;]\" \/>\n<meta property=\"og:url\" content=\"https:\/\/www.mobileakkupower.de\/shop\/produkt\/husqvarna-am-550-epos-flaechen-bis-zu-5000m\u00b2\/\" \/>\n<meta property=\"og:site_name\" content=\"Shop MobileAkkuPower\" \/>\n<meta property=\"article:publisher\" content=\"https:\/\/facebook.com\/derroboterladen\" \/>\n<meta property=\"article:modified_time\" content=\"2022-07-29T15:05:11+00:00\" \/>\n<meta property=\"og:image\" content=\"http:\/\/www.mobileakkupower.de\/shop\/wp-content\/uploads\/2022\/01\/epos.png\" \/>\n\t<meta property=\"og:image:width\" content=\"300\" \/>\n\t<meta property=\"og:image:height\" content=\"300\" \/>\n\t<meta property=\"og:image:type\" content=\"image\/png\" \/>\n<meta name=\"twitter:card\" content=\"summary_large_image\" \/>\n<script type=\"application\/ld+json\" class=\"yoast-schema-graph\">{\"@context\":\"https:\\\/\\\/schema.org\",\"@graph\":[{\"@type\":\"WebPage\",\"@id\":\"https:\\\/\\\/www.mobileakkupower.de\\\/shop\\\/produkt\\\/husqvarna-am-550-epos-flaechen-bis-zu-5000m%c2%b2\\\/\",\"url\":\"https:\\\/\\\/www.mobileakkupower.de\\\/shop\\\/produkt\\\/husqvarna-am-550-epos-flaechen-bis-zu-5000m%c2%b2\\\/\",\"name\":\"HUSQVARNA AM 550 EPOS - Fl\u00e4chen bis zu 5000m\u00b2 - Shop MobileAkkuPower\",\"isPartOf\":{\"@id\":\"https:\\\/\\\/www.mobileakkupower.de\\\/shop\\\/#website\"},\"primaryImageOfPage\":{\"@id\":\"https:\\\/\\\/www.mobileakkupower.de\\\/shop\\\/produkt\\\/husqvarna-am-550-epos-flaechen-bis-zu-5000m%c2%b2\\\/#primaryimage\"},\"image\":{\"@id\":\"https:\\\/\\\/www.mobileakkupower.de\\\/shop\\\/produkt\\\/husqvarna-am-550-epos-flaechen-bis-zu-5000m%c2%b2\\\/#primaryimage\"},\"thumbnailUrl\":\"https:\\\/\\\/www.mobileakkupower.de\\\/shop\\\/wp-content\\\/uploads\\\/2022\\\/01\\\/epos.png\",\"datePublished\":\"2022-01-19T14:31:54+00:00\",\"dateModified\":\"2022-07-29T15:05:11+00:00\",\"breadcrumb\":{\"@id\":\"https:\\\/\\\/www.mobileakkupower.de\\\/shop\\\/produkt\\\/husqvarna-am-550-epos-flaechen-bis-zu-5000m%c2%b2\\\/#breadcrumb\"},\"inLanguage\":\"de\",\"potentialAction\":[{\"@type\":\"ReadAction\",\"target\":[\"https:\\\/\\\/www.mobileakkupower.de\\\/shop\\\/produkt\\\/husqvarna-am-550-epos-flaechen-bis-zu-5000m%c2%b2\\\/\"]}]},{\"@type\":\"ImageObject\",\"inLanguage\":\"de\",\"@id\":\"https:\\\/\\\/www.mobileakkupower.de\\\/shop\\\/produkt\\\/husqvarna-am-550-epos-flaechen-bis-zu-5000m%c2%b2\\\/#primaryimage\",\"url\":\"https:\\\/\\\/www.mobileakkupower.de\\\/shop\\\/wp-content\\\/uploads\\\/2022\\\/01\\\/epos.png\",\"contentUrl\":\"https:\\\/\\\/www.mobileakkupower.de\\\/shop\\\/wp-content\\\/uploads\\\/2022\\\/01\\\/epos.png\",\"width\":300,\"height\":300},{\"@type\":\"BreadcrumbList\",\"@id\":\"https:\\\/\\\/www.mobileakkupower.de\\\/shop\\\/produkt\\\/husqvarna-am-550-epos-flaechen-bis-zu-5000m%c2%b2\\\/#breadcrumb\",\"itemListElement\":[{\"@type\":\"ListItem\",\"position\":1,\"name\":\"Startseite\",\"item\":\"https:\\\/\\\/www.mobileakkupower.de\\\/shop\\\/\"},{\"@type\":\"ListItem\",\"position\":2,\"name\":\"Shop\",\"item\":\"https:\\\/\\\/www.mobileakkupower.de\\\/shop\\\/shop\\\/\"},{\"@type\":\"ListItem\",\"position\":3,\"name\":\"HUSQVARNA AM 550 EPOS &#8211; Fl\u00e4chen bis zu 5000m\u00b2\"}]},{\"@type\":\"WebSite\",\"@id\":\"https:\\\/\\\/www.mobileakkupower.de\\\/shop\\\/#website\",\"url\":\"https:\\\/\\\/www.mobileakkupower.de\\\/shop\\\/\",\"name\":\"Shop MobileAkkuPower\",\"description\":\"\",\"publisher\":{\"@id\":\"https:\\\/\\\/www.mobileakkupower.de\\\/shop\\\/#organization\"},\"potentialAction\":[{\"@type\":\"SearchAction\",\"target\":{\"@type\":\"EntryPoint\",\"urlTemplate\":\"https:\\\/\\\/www.mobileakkupower.de\\\/shop\\\/?s={search_term_string}\"},\"query-input\":{\"@type\":\"PropertyValueSpecification\",\"valueRequired\":true,\"valueName\":\"search_term_string\"}}],\"inLanguage\":\"de\"},{\"@type\":\"Organization\",\"@id\":\"https:\\\/\\\/www.mobileakkupower.de\\\/shop\\\/#organization\",\"name\":\"Shop MobileAkkuPower\",\"url\":\"https:\\\/\\\/www.mobileakkupower.de\\\/shop\\\/\",\"logo\":{\"@type\":\"ImageObject\",\"inLanguage\":\"de\",\"@id\":\"https:\\\/\\\/www.mobileakkupower.de\\\/shop\\\/#\\\/schema\\\/logo\\\/image\\\/\",\"url\":\"https:\\\/\\\/www.mobileakkupower.de\\\/shop\\\/wp-content\\\/uploads\\\/2019\\\/01\\\/cropped-logo-map.png\",\"contentUrl\":\"https:\\\/\\\/www.mobileakkupower.de\\\/shop\\\/wp-content\\\/uploads\\\/2019\\\/01\\\/cropped-logo-map.png\",\"width\":646,\"height\":114,\"caption\":\"Shop MobileAkkuPower\"},\"image\":{\"@id\":\"https:\\\/\\\/www.mobileakkupower.de\\\/shop\\\/#\\\/schema\\\/logo\\\/image\\\/\"},\"sameAs\":[\"https:\\\/\\\/facebook.com\\\/derroboterladen\"]}]}<\/script>\n<!-- \/ Yoast SEO plugin. -->","yoast_head_json":{"title":"HUSQVARNA AM 550 EPOS - Fl\u00e4chen bis zu 5000m\u00b2 - Shop MobileAkkuPower","robots":{"index":"index","follow":"follow","max-snippet":"max-snippet:-1","max-image-preview":"max-image-preview:large","max-video-preview":"max-video-preview:-1"},"canonical":"https:\/\/www.mobileakkupower.de\/shop\/produkt\/husqvarna-am-550-epos-flaechen-bis-zu-5000m\u00b2\/","og_locale":"de_DE","og_type":"article","og_title":"HUSQVARNA AM 550 EPOS - Fl\u00e4chen bis zu 5000m\u00b2 - Shop MobileAkkuPower","og_description":"Husqvarna EPOS (Exact Positioning Operating System) ist eine bahnbrechende Technologie im Bereich des autonomen M\u00e4hens. Die satellitengest\u00fctzte L\u00f6sung erlaubt den kabellosen Betrieb von Profi-Automower M\u00e4hrobotern. Statt mit einem an den Rasenr\u00e4ndern verlegten Begrenzungskabel definiert das hochpr\u00e4zise Satellitennavigationssystem den M\u00e4hbereich mithilfe virtueller Grenzen. Die unkomplizierte und flexible L\u00f6sung eignet sich daher hervorragend f\u00fcr den Einsatz auf [&hellip;]","og_url":"https:\/\/www.mobileakkupower.de\/shop\/produkt\/husqvarna-am-550-epos-flaechen-bis-zu-5000m\u00b2\/","og_site_name":"Shop MobileAkkuPower","article_publisher":"https:\/\/facebook.com\/derroboterladen","article_modified_time":"2022-07-29T15:05:11+00:00","og_image":[{"width":300,"height":300,"url":"http:\/\/www.mobileakkupower.de\/shop\/wp-content\/uploads\/2022\/01\/epos.png","type":"image\/png"}],"twitter_card":"summary_large_image","schema":{"@context":"https:\/\/schema.org","@graph":[{"@type":"WebPage","@id":"https:\/\/www.mobileakkupower.de\/shop\/produkt\/husqvarna-am-550-epos-flaechen-bis-zu-5000m%c2%b2\/","url":"https:\/\/www.mobileakkupower.de\/shop\/produkt\/husqvarna-am-550-epos-flaechen-bis-zu-5000m%c2%b2\/","name":"HUSQVARNA AM 550 EPOS - Fl\u00e4chen bis zu 5000m\u00b2 - Shop MobileAkkuPower","isPartOf":{"@id":"https:\/\/www.mobileakkupower.de\/shop\/#website"},"primaryImageOfPage":{"@id":"https:\/\/www.mobileakkupower.de\/shop\/produkt\/husqvarna-am-550-epos-flaechen-bis-zu-5000m%c2%b2\/#primaryimage"},"image":{"@id":"https:\/\/www.mobileakkupower.de\/shop\/produkt\/husqvarna-am-550-epos-flaechen-bis-zu-5000m%c2%b2\/#primaryimage"},"thumbnailUrl":"https:\/\/www.mobileakkupower.de\/shop\/wp-content\/uploads\/2022\/01\/epos.png","datePublished":"2022-01-19T14:31:54+00:00","dateModified":"2022-07-29T15:05:11+00:00","breadcrumb":{"@id":"https:\/\/www.mobileakkupower.de\/shop\/produkt\/husqvarna-am-550-epos-flaechen-bis-zu-5000m%c2%b2\/#breadcrumb"},"inLanguage":"de","potentialAction":[{"@type":"ReadAction","target":["https:\/\/www.mobileakkupower.de\/shop\/produkt\/husqvarna-am-550-epos-flaechen-bis-zu-5000m%c2%b2\/"]}]},{"@type":"ImageObject","inLanguage":"de","@id":"https:\/\/www.mobileakkupower.de\/shop\/produkt\/husqvarna-am-550-epos-flaechen-bis-zu-5000m%c2%b2\/#primaryimage","url":"https:\/\/www.mobileakkupower.de\/shop\/wp-content\/uploads\/2022\/01\/epos.png","contentUrl":"https:\/\/www.mobileakkupower.de\/shop\/wp-content\/uploads\/2022\/01\/epos.png","width":300,"height":300},{"@type":"BreadcrumbList","@id":"https:\/\/www.mobileakkupower.de\/shop\/produkt\/husqvarna-am-550-epos-flaechen-bis-zu-5000m%c2%b2\/#breadcrumb","itemListElement":[{"@type":"ListItem","position":1,"name":"Startseite","item":"https:\/\/www.mobileakkupower.de\/shop\/"},{"@type":"ListItem","position":2,"name":"Shop","item":"https:\/\/www.mobileakkupower.de\/shop\/shop\/"},{"@type":"ListItem","position":3,"name":"HUSQVARNA AM 550 EPOS &#8211; Fl\u00e4chen bis zu 5000m\u00b2"}]},{"@type":"WebSite","@id":"https:\/\/www.mobileakkupower.de\/shop\/#website","url":"https:\/\/www.mobileakkupower.de\/shop\/","name":"Shop MobileAkkuPower","description":"","publisher":{"@id":"https:\/\/www.mobileakkupower.de\/shop\/#organization"},"potentialAction":[{"@type":"SearchAction","target":{"@type":"EntryPoint","urlTemplate":"https:\/\/www.mobileakkupower.de\/shop\/?s={search_term_string}"},"query-input":{"@type":"PropertyValueSpecification","valueRequired":true,"valueName":"search_term_string"}}],"inLanguage":"de"},{"@type":"Organization","@id":"https:\/\/www.mobileakkupower.de\/shop\/#organization","name":"Shop MobileAkkuPower","url":"https:\/\/www.mobileakkupower.de\/shop\/","logo":{"@type":"ImageObject","inLanguage":"de","@id":"https:\/\/www.mobileakkupower.de\/shop\/#\/schema\/logo\/image\/","url":"https:\/\/www.mobileakkupower.de\/shop\/wp-content\/uploads\/2019\/01\/cropped-logo-map.png","contentUrl":"https:\/\/www.mobileakkupower.de\/shop\/wp-content\/uploads\/2019\/01\/cropped-logo-map.png","width":646,"height":114,"caption":"Shop MobileAkkuPower"},"image":{"@id":"https:\/\/www.mobileakkupower.de\/shop\/#\/schema\/logo\/image\/"},"sameAs":["https:\/\/facebook.com\/derroboterladen"]}]}},"_links":{"self":[{"href":"https:\/\/www.mobileakkupower.de\/shop\/wp-json\/wp\/v2\/product\/1728","targetHints":{"allow":["GET"]}}],"collection":[{"href":"https:\/\/www.mobileakkupower.de\/shop\/wp-json\/wp\/v2\/product"}],"about":[{"href":"https:\/\/www.mobileakkupower.de\/shop\/wp-json\/wp\/v2\/types\/product"}],"replies":[{"embeddable":true,"href":"https:\/\/www.mobileakkupower.de\/shop\/wp-json\/wp\/v2\/comments?post=1728"}],"wp:featuredmedia":[{"embeddable":true,"href":"https:\/\/www.mobileakkupower.de\/shop\/wp-json\/wp\/v2\/media\/1729"}],"wp:attachment":[{"href":"https:\/\/www.mobileakkupower.de\/shop\/wp-json\/wp\/v2\/media?parent=1728"}],"wp:term":[{"taxonomy":"product_brand","embeddable":true,"href":"https:\/\/www.mobileakkupower.de\/shop\/wp-json\/wp\/v2\/product_brand?post=1728"},{"taxonomy":"product_cat","embeddable":true,"href":"https:\/\/www.mobileakkupower.de\/shop\/wp-json\/wp\/v2\/product_cat?post=1728"},{"taxonomy":"product_tag","embeddable":true,"href":"https:\/\/www.mobileakkupower.de\/shop\/wp-json\/wp\/v2\/product_tag?post=1728"}],"curies":[{"name":"wp","href":"https:\/\/api.w.org\/{rel}","templated":true}]}}