{"id":1800,"date":"2022-02-09T17:54:55","date_gmt":"2022-02-09T16:54:55","guid":{"rendered":"https:\/\/www.mobileakkupower.de\/shop\/?post_type=product&#038;p=1800"},"modified":"2022-02-22T14:01:00","modified_gmt":"2022-02-22T13:01:00","slug":"husqvarna-rider-r112c-incl-maehdeck-combi-85","status":"publish","type":"product","link":"https:\/\/www.mobileakkupower.de\/shop\/produkt\/husqvarna-rider-r112c-incl-maehdeck-combi-85\/","title":{"rendered":"Husqvarna Rider R112C incl.M\u00e4hdeck Combi 85"},"content":{"rendered":"<p>Der Rider 112C ist die ideale Wahl f\u00fcr Privatanwender, die einen effizienten und kompakten Aufsitzm\u00e4her ben\u00f6tigen, der m\u00fchelos um jedes Hindernis man\u00f6vriert werden kann. Der Rider ist kompakt und anwenderfreundlich und verf\u00fcgt \u00fcber ein pedalgesteuertes Hydrostatik Getriebe und ein 85 cm Combi-M\u00e4hdeck mit BioClip\u00ae und Heckauswurf-Funktion. Die Knicklenkung und das frontmontierte M\u00e4hdeck sorgen f\u00fcr den n\u00f6tigen Fahrkomfort. Es kann in engsten Radien gem\u00e4ht werden, Blumenbeete, B\u00fcsche und B\u00e4ume k\u00f6nnen m\u00fchelos umsteuert werden und man hat stets eine optimale \u00dcbersicht \u00fcber den M\u00e4hbereich. Der Hinterradantrieb erm\u00f6glicht eine exzellente Traktion.Inklusive M\u00e4hdeck Combi 85 (85 cm Schnittbreite). <\/p>\n","protected":false},"excerpt":{"rendered":"<p>Der Rider 112C ist die ideale Wahl f\u00fcr Privatanwender, die einen effizienten und kompakten Aufsitzm\u00e4her ben\u00f6tigen, der m\u00fchelos um jedes Hindernis man\u00f6vriert werden kann. Der Rider ist kompakt und anwenderfreundlich und verf\u00fcgt \u00fcber ein pedalgesteuertes Hydrostatik Getriebe und ein 85 cm Combi-M\u00e4hdeck mit BioClip\u00ae und Heckauswurf-Funktion. Die Knicklenkung und das frontmontierte M\u00e4hdeck sorgen f\u00fcr den [&hellip;]<\/p>\n","protected":false},"featured_media":1801,"comment_status":"closed","ping_status":"closed","template":"","meta":[],"product_brand":[],"product_cat":[293],"product_tag":[345,344],"class_list":{"0":"post-1800","1":"product","2":"type-product","3":"status-publish","4":"has-post-thumbnail","6":"product_cat-husqvarna-motor-gartengeraete","7":"product_tag-345","8":"product_tag-husqvarna-rider-r112c-incl-maehdeck-combi-85","10":"first","11":"instock","12":"taxable","13":"shipping-taxable","14":"purchasable","15":"product-type-simple"},"yoast_head":"<!-- This site is optimized with the Yoast SEO plugin v27.4 - https:\/\/yoast.com\/product\/yoast-seo-wordpress\/ -->\n<title>Husqvarna Rider R112C incl.M\u00e4hdeck Combi 85 - Shop MobileAkkuPower<\/title>\n<meta name=\"description\" content=\"Der Rider 112C ist die ideale Wahl f\u00fcr Privatanwender, die einen effizienten und kompakten Aufsitzm\u00e4her ben\u00f6tigen.\" \/>\n<meta name=\"robots\" content=\"index, follow, max-snippet:-1, max-image-preview:large, max-video-preview:-1\" \/>\n<link rel=\"canonical\" href=\"https:\/\/www.mobileakkupower.de\/shop\/produkt\/husqvarna-rider-r112c-incl-maehdeck-combi-85\/\" \/>\n<meta property=\"og:locale\" content=\"de_DE\" \/>\n<meta property=\"og:type\" content=\"article\" \/>\n<meta property=\"og:title\" content=\"Husqvarna Rider R112C incl.M\u00e4hdeck Combi 85 - Shop MobileAkkuPower\" \/>\n<meta property=\"og:description\" content=\"Der Rider 112C ist die ideale Wahl f\u00fcr Privatanwender, die einen effizienten und kompakten Aufsitzm\u00e4her ben\u00f6tigen.\" \/>\n<meta property=\"og:url\" content=\"https:\/\/www.mobileakkupower.de\/shop\/produkt\/husqvarna-rider-r112c-incl-maehdeck-combi-85\/\" \/>\n<meta property=\"og:site_name\" content=\"Shop MobileAkkuPower\" \/>\n<meta property=\"article:publisher\" content=\"https:\/\/facebook.com\/derroboterladen\" \/>\n<meta property=\"article:modified_time\" content=\"2022-02-22T13:01:00+00:00\" \/>\n<meta property=\"og:image\" content=\"http:\/\/www.mobileakkupower.de\/shop\/wp-content\/uploads\/2022\/02\/967178402.png\" \/>\n\t<meta property=\"og:image:width\" content=\"300\" \/>\n\t<meta property=\"og:image:height\" content=\"300\" \/>\n\t<meta property=\"og:image:type\" content=\"image\/png\" \/>\n<meta name=\"twitter:card\" content=\"summary_large_image\" \/>\n<meta name=\"twitter:label1\" content=\"Gesch\u00e4tzte Lesezeit\" \/>\n\t<meta name=\"twitter:data1\" content=\"1\u00a0Minute\" \/>\n<script type=\"application\/ld+json\" class=\"yoast-schema-graph\">{\"@context\":\"https:\\\/\\\/schema.org\",\"@graph\":[{\"@type\":\"WebPage\",\"@id\":\"https:\\\/\\\/www.mobileakkupower.de\\\/shop\\\/produkt\\\/husqvarna-rider-r112c-incl-maehdeck-combi-85\\\/\",\"url\":\"https:\\\/\\\/www.mobileakkupower.de\\\/shop\\\/produkt\\\/husqvarna-rider-r112c-incl-maehdeck-combi-85\\\/\",\"name\":\"Husqvarna Rider R112C incl.M\u00e4hdeck Combi 85 - Shop MobileAkkuPower\",\"isPartOf\":{\"@id\":\"https:\\\/\\\/www.mobileakkupower.de\\\/shop\\\/#website\"},\"primaryImageOfPage\":{\"@id\":\"https:\\\/\\\/www.mobileakkupower.de\\\/shop\\\/produkt\\\/husqvarna-rider-r112c-incl-maehdeck-combi-85\\\/#primaryimage\"},\"image\":{\"@id\":\"https:\\\/\\\/www.mobileakkupower.de\\\/shop\\\/produkt\\\/husqvarna-rider-r112c-incl-maehdeck-combi-85\\\/#primaryimage\"},\"thumbnailUrl\":\"https:\\\/\\\/www.mobileakkupower.de\\\/shop\\\/wp-content\\\/uploads\\\/2022\\\/02\\\/967178402.png\",\"datePublished\":\"2022-02-09T16:54:55+00:00\",\"dateModified\":\"2022-02-22T13:01:00+00:00\",\"description\":\"Der Rider 112C ist die ideale Wahl f\u00fcr Privatanwender, die einen effizienten und kompakten Aufsitzm\u00e4her ben\u00f6tigen.\",\"breadcrumb\":{\"@id\":\"https:\\\/\\\/www.mobileakkupower.de\\\/shop\\\/produkt\\\/husqvarna-rider-r112c-incl-maehdeck-combi-85\\\/#breadcrumb\"},\"inLanguage\":\"de\",\"potentialAction\":[{\"@type\":\"ReadAction\",\"target\":[\"https:\\\/\\\/www.mobileakkupower.de\\\/shop\\\/produkt\\\/husqvarna-rider-r112c-incl-maehdeck-combi-85\\\/\"]}]},{\"@type\":\"ImageObject\",\"inLanguage\":\"de\",\"@id\":\"https:\\\/\\\/www.mobileakkupower.de\\\/shop\\\/produkt\\\/husqvarna-rider-r112c-incl-maehdeck-combi-85\\\/#primaryimage\",\"url\":\"https:\\\/\\\/www.mobileakkupower.de\\\/shop\\\/wp-content\\\/uploads\\\/2022\\\/02\\\/967178402.png\",\"contentUrl\":\"https:\\\/\\\/www.mobileakkupower.de\\\/shop\\\/wp-content\\\/uploads\\\/2022\\\/02\\\/967178402.png\",\"width\":300,\"height\":300},{\"@type\":\"BreadcrumbList\",\"@id\":\"https:\\\/\\\/www.mobileakkupower.de\\\/shop\\\/produkt\\\/husqvarna-rider-r112c-incl-maehdeck-combi-85\\\/#breadcrumb\",\"itemListElement\":[{\"@type\":\"ListItem\",\"position\":1,\"name\":\"Startseite\",\"item\":\"https:\\\/\\\/www.mobileakkupower.de\\\/shop\\\/\"},{\"@type\":\"ListItem\",\"position\":2,\"name\":\"Shop\",\"item\":\"https:\\\/\\\/www.mobileakkupower.de\\\/shop\\\/shop\\\/\"},{\"@type\":\"ListItem\",\"position\":3,\"name\":\"Husqvarna Rider R112C incl.M\u00e4hdeck Combi 85\"}]},{\"@type\":\"WebSite\",\"@id\":\"https:\\\/\\\/www.mobileakkupower.de\\\/shop\\\/#website\",\"url\":\"https:\\\/\\\/www.mobileakkupower.de\\\/shop\\\/\",\"name\":\"Shop MobileAkkuPower\",\"description\":\"\",\"publisher\":{\"@id\":\"https:\\\/\\\/www.mobileakkupower.de\\\/shop\\\/#organization\"},\"potentialAction\":[{\"@type\":\"SearchAction\",\"target\":{\"@type\":\"EntryPoint\",\"urlTemplate\":\"https:\\\/\\\/www.mobileakkupower.de\\\/shop\\\/?s={search_term_string}\"},\"query-input\":{\"@type\":\"PropertyValueSpecification\",\"valueRequired\":true,\"valueName\":\"search_term_string\"}}],\"inLanguage\":\"de\"},{\"@type\":\"Organization\",\"@id\":\"https:\\\/\\\/www.mobileakkupower.de\\\/shop\\\/#organization\",\"name\":\"Shop MobileAkkuPower\",\"url\":\"https:\\\/\\\/www.mobileakkupower.de\\\/shop\\\/\",\"logo\":{\"@type\":\"ImageObject\",\"inLanguage\":\"de\",\"@id\":\"https:\\\/\\\/www.mobileakkupower.de\\\/shop\\\/#\\\/schema\\\/logo\\\/image\\\/\",\"url\":\"https:\\\/\\\/www.mobileakkupower.de\\\/shop\\\/wp-content\\\/uploads\\\/2019\\\/01\\\/cropped-logo-map.png\",\"contentUrl\":\"https:\\\/\\\/www.mobileakkupower.de\\\/shop\\\/wp-content\\\/uploads\\\/2019\\\/01\\\/cropped-logo-map.png\",\"width\":646,\"height\":114,\"caption\":\"Shop MobileAkkuPower\"},\"image\":{\"@id\":\"https:\\\/\\\/www.mobileakkupower.de\\\/shop\\\/#\\\/schema\\\/logo\\\/image\\\/\"},\"sameAs\":[\"https:\\\/\\\/facebook.com\\\/derroboterladen\"]}]}<\/script>\n<!-- \/ Yoast SEO plugin. -->","yoast_head_json":{"title":"Husqvarna Rider R112C incl.M\u00e4hdeck Combi 85 - Shop MobileAkkuPower","description":"Der Rider 112C ist die ideale Wahl f\u00fcr Privatanwender, die einen effizienten und kompakten Aufsitzm\u00e4her ben\u00f6tigen.","robots":{"index":"index","follow":"follow","max-snippet":"max-snippet:-1","max-image-preview":"max-image-preview:large","max-video-preview":"max-video-preview:-1"},"canonical":"https:\/\/www.mobileakkupower.de\/shop\/produkt\/husqvarna-rider-r112c-incl-maehdeck-combi-85\/","og_locale":"de_DE","og_type":"article","og_title":"Husqvarna Rider R112C incl.M\u00e4hdeck Combi 85 - Shop MobileAkkuPower","og_description":"Der Rider 112C ist die ideale Wahl f\u00fcr Privatanwender, die einen effizienten und kompakten Aufsitzm\u00e4her ben\u00f6tigen.","og_url":"https:\/\/www.mobileakkupower.de\/shop\/produkt\/husqvarna-rider-r112c-incl-maehdeck-combi-85\/","og_site_name":"Shop MobileAkkuPower","article_publisher":"https:\/\/facebook.com\/derroboterladen","article_modified_time":"2022-02-22T13:01:00+00:00","og_image":[{"width":300,"height":300,"url":"http:\/\/www.mobileakkupower.de\/shop\/wp-content\/uploads\/2022\/02\/967178402.png","type":"image\/png"}],"twitter_card":"summary_large_image","twitter_misc":{"Gesch\u00e4tzte Lesezeit":"1\u00a0Minute"},"schema":{"@context":"https:\/\/schema.org","@graph":[{"@type":"WebPage","@id":"https:\/\/www.mobileakkupower.de\/shop\/produkt\/husqvarna-rider-r112c-incl-maehdeck-combi-85\/","url":"https:\/\/www.mobileakkupower.de\/shop\/produkt\/husqvarna-rider-r112c-incl-maehdeck-combi-85\/","name":"Husqvarna Rider R112C incl.M\u00e4hdeck Combi 85 - Shop MobileAkkuPower","isPartOf":{"@id":"https:\/\/www.mobileakkupower.de\/shop\/#website"},"primaryImageOfPage":{"@id":"https:\/\/www.mobileakkupower.de\/shop\/produkt\/husqvarna-rider-r112c-incl-maehdeck-combi-85\/#primaryimage"},"image":{"@id":"https:\/\/www.mobileakkupower.de\/shop\/produkt\/husqvarna-rider-r112c-incl-maehdeck-combi-85\/#primaryimage"},"thumbnailUrl":"https:\/\/www.mobileakkupower.de\/shop\/wp-content\/uploads\/2022\/02\/967178402.png","datePublished":"2022-02-09T16:54:55+00:00","dateModified":"2022-02-22T13:01:00+00:00","description":"Der Rider 112C ist die ideale Wahl f\u00fcr Privatanwender, die einen effizienten und kompakten Aufsitzm\u00e4her ben\u00f6tigen.","breadcrumb":{"@id":"https:\/\/www.mobileakkupower.de\/shop\/produkt\/husqvarna-rider-r112c-incl-maehdeck-combi-85\/#breadcrumb"},"inLanguage":"de","potentialAction":[{"@type":"ReadAction","target":["https:\/\/www.mobileakkupower.de\/shop\/produkt\/husqvarna-rider-r112c-incl-maehdeck-combi-85\/"]}]},{"@type":"ImageObject","inLanguage":"de","@id":"https:\/\/www.mobileakkupower.de\/shop\/produkt\/husqvarna-rider-r112c-incl-maehdeck-combi-85\/#primaryimage","url":"https:\/\/www.mobileakkupower.de\/shop\/wp-content\/uploads\/2022\/02\/967178402.png","contentUrl":"https:\/\/www.mobileakkupower.de\/shop\/wp-content\/uploads\/2022\/02\/967178402.png","width":300,"height":300},{"@type":"BreadcrumbList","@id":"https:\/\/www.mobileakkupower.de\/shop\/produkt\/husqvarna-rider-r112c-incl-maehdeck-combi-85\/#breadcrumb","itemListElement":[{"@type":"ListItem","position":1,"name":"Startseite","item":"https:\/\/www.mobileakkupower.de\/shop\/"},{"@type":"ListItem","position":2,"name":"Shop","item":"https:\/\/www.mobileakkupower.de\/shop\/shop\/"},{"@type":"ListItem","position":3,"name":"Husqvarna Rider R112C incl.M\u00e4hdeck Combi 85"}]},{"@type":"WebSite","@id":"https:\/\/www.mobileakkupower.de\/shop\/#website","url":"https:\/\/www.mobileakkupower.de\/shop\/","name":"Shop MobileAkkuPower","description":"","publisher":{"@id":"https:\/\/www.mobileakkupower.de\/shop\/#organization"},"potentialAction":[{"@type":"SearchAction","target":{"@type":"EntryPoint","urlTemplate":"https:\/\/www.mobileakkupower.de\/shop\/?s={search_term_string}"},"query-input":{"@type":"PropertyValueSpecification","valueRequired":true,"valueName":"search_term_string"}}],"inLanguage":"de"},{"@type":"Organization","@id":"https:\/\/www.mobileakkupower.de\/shop\/#organization","name":"Shop MobileAkkuPower","url":"https:\/\/www.mobileakkupower.de\/shop\/","logo":{"@type":"ImageObject","inLanguage":"de","@id":"https:\/\/www.mobileakkupower.de\/shop\/#\/schema\/logo\/image\/","url":"https:\/\/www.mobileakkupower.de\/shop\/wp-content\/uploads\/2019\/01\/cropped-logo-map.png","contentUrl":"https:\/\/www.mobileakkupower.de\/shop\/wp-content\/uploads\/2019\/01\/cropped-logo-map.png","width":646,"height":114,"caption":"Shop MobileAkkuPower"},"image":{"@id":"https:\/\/www.mobileakkupower.de\/shop\/#\/schema\/logo\/image\/"},"sameAs":["https:\/\/facebook.com\/derroboterladen"]}]}},"_links":{"self":[{"href":"https:\/\/www.mobileakkupower.de\/shop\/wp-json\/wp\/v2\/product\/1800","targetHints":{"allow":["GET"]}}],"collection":[{"href":"https:\/\/www.mobileakkupower.de\/shop\/wp-json\/wp\/v2\/product"}],"about":[{"href":"https:\/\/www.mobileakkupower.de\/shop\/wp-json\/wp\/v2\/types\/product"}],"replies":[{"embeddable":true,"href":"https:\/\/www.mobileakkupower.de\/shop\/wp-json\/wp\/v2\/comments?post=1800"}],"wp:featuredmedia":[{"embeddable":true,"href":"https:\/\/www.mobileakkupower.de\/shop\/wp-json\/wp\/v2\/media\/1801"}],"wp:attachment":[{"href":"https:\/\/www.mobileakkupower.de\/shop\/wp-json\/wp\/v2\/media?parent=1800"}],"wp:term":[{"taxonomy":"product_brand","embeddable":true,"href":"https:\/\/www.mobileakkupower.de\/shop\/wp-json\/wp\/v2\/product_brand?post=1800"},{"taxonomy":"product_cat","embeddable":true,"href":"https:\/\/www.mobileakkupower.de\/shop\/wp-json\/wp\/v2\/product_cat?post=1800"},{"taxonomy":"product_tag","embeddable":true,"href":"https:\/\/www.mobileakkupower.de\/shop\/wp-json\/wp\/v2\/product_tag?post=1800"}],"curies":[{"name":"wp","href":"https:\/\/api.w.org\/{rel}","templated":true}]}}