{"id":429,"date":"2019-01-21T13:02:33","date_gmt":"2019-01-21T12:02:33","guid":{"rendered":"http:\/\/www.mobileakkupower.de\/shop\/?post_type=product&#038;p=429"},"modified":"2023-03-08T11:42:11","modified_gmt":"2023-03-08T10:42:11","slug":"husqvarna-automower-105-fuer-flaechen-bis-600qm","status":"publish","type":"product","link":"https:\/\/www.mobileakkupower.de\/shop\/produkt\/husqvarna-automower-105-fuer-flaechen-bis-600qm\/","title":{"rendered":"HUSQVARNA AM 105 &#8211; Fl\u00e4chen bis zu 600m\u00b2"},"content":{"rendered":"<p><span style=\"color: #131315; font-size: 1.618em;\">Akku<\/span><\/p>\n<div id=\"MainContentPlaceHolder_BaseContentPlaceHolder_pmain_0_ctl00_productSpecifications_rpCategorySpecification_attributeGroupPanel_0\" class=\"col-sm-6 column-values\">\n<div class=\"box\">\n<div class=\"row spec\">\n<div class=\"col-sm-8 title\">Normale Ladezeit\u00a0<strong>50 min<\/strong><\/div>\n<\/div>\n<div class=\"row spec\">\n<div class=\"col-sm-8 title\">Typische M\u00e4hdauer je Ladezyklus\u00a0<strong>65 min<\/strong><\/div>\n<\/div>\n<div class=\"row spec\">\n<div class=\"col-sm-8 title\">Energieverbrauch bei maximaler Fl\u00e4chenleistung (pro Monat)\u00a0<strong>5 kWh<\/strong><\/div>\n<\/div>\n<div class=\"row spec\">\n<div class=\"col-sm-8 title\">Fl\u00e4chenkapazit\u00e4t\u00a0<strong>600 m\u00b2<\/strong><\/div>\n<\/div>\n<div class=\"row spec\">\n<div class=\"col-sm-8 title\">Leistungsaufnahme w\u00e4hrend des M\u00e4hens\u00a0<strong>20 W<\/strong><\/div>\n<div><\/div>\n<\/div>\n<\/div>\n<\/div>\n<div id=\"MainContentPlaceHolder_BaseContentPlaceHolder_pmain_0_ctl00_productSpecifications_rpCategorySpecification_attributeGroupPanel_1\" class=\"col-sm-6 column-values\">\n<div class=\"title\">\n<h3 class=\"h4\"><i class=\"c-icon hq-icon hq-icon-capacity hq-icon-x3 \" title=\"\"><\/i> Kapazit\u00e4t<\/h3>\n<\/div>\n<div class=\"box\">\n<div class=\"row spec\">\n<div class=\"col-sm-8 title\">Arbeitsbereichskapazit\u00e4t\u00a0<strong>600 m\u00b2 \u00b120% <\/strong><\/div>\n<\/div>\n<div class=\"row spec\">\n<div class=\"col-sm-8 title\">Ladesystem\u00a0<strong>Automatisch <\/strong><\/div>\n<\/div>\n<div class=\"row spec\">\n<div class=\"col-sm-8 title\">Maximale Steigung in der Arbeitsfl\u00e4che\u00a0<strong>14 \u00b0<\/strong><\/div>\n<\/div>\n<\/div>\n<\/div>\n<div id=\"MainContentPlaceHolder_BaseContentPlaceHolder_pmain_0_ctl00_productSpecifications_rpCategorySpecification_clearfix_1\" class=\"clearfix\"><\/div>\n<div id=\"MainContentPlaceHolder_BaseContentPlaceHolder_pmain_0_ctl00_productSpecifications_rpCategorySpecification_attributeGroupPanel_2\" class=\"col-sm-6 column-values\">\n<div class=\"title\">\n<h3 class=\"h4\"><i class=\"c-icon hq-icon hq-icon-cutting-deck hq-icon-x3 \" title=\"\"><\/i> M\u00e4hdeck<\/h3>\n<\/div>\n<div class=\"box\">\n<div class=\"row spec\">\n<div class=\"col-sm-8 title\">Schneidwerk\u00a0<strong>3 frei schwingende Messerklingen<\/strong><\/div>\n<\/div>\n<div class=\"row spec\">\n<div class=\"col-sm-8 title\">Arbeitsbreite\u00a0<strong>17 cm<\/strong><\/div>\n<\/div>\n<div class=\"row spec\">\n<div class=\"col-sm-8 title\">Schnitth\u00f6he, Min. \u2013- Max.\u00a0<strong>20-50 mm<\/strong><\/div>\n<div><\/div>\n<\/div>\n<\/div>\n<\/div>\n<div id=\"MainContentPlaceHolder_BaseContentPlaceHolder_pmain_0_ctl00_productSpecifications_rpCategorySpecification_attributeGroupPanel_3\" class=\"col-sm-6 column-values\">\n<div class=\"title\">\n<h3 class=\"h4\">Abmessungen<\/h3>\n<\/div>\n<div class=\"box\">\n<div class=\"row spec\">\n<div class=\"col-sm-8 title\">Produktgr\u00f6\u00dfe, LxWxH\u00a0<strong>55x39x25 cm <\/strong><\/div>\n<\/div>\n<\/div>\n<\/div>\n<div id=\"MainContentPlaceHolder_BaseContentPlaceHolder_pmain_0_ctl00_productSpecifications_rpCategorySpecification_clearfix_3\" class=\"clearfix\"><\/div>\n<div id=\"MainContentPlaceHolder_BaseContentPlaceHolder_pmain_0_ctl00_productSpecifications_rpCategorySpecification_attributeGroupPanel_4\" class=\"col-sm-6 column-values\">\n<div class=\"title\">\n<h3 class=\"h4\"><i class=\"c-icon hq-icon hq-icon-equipment hq-icon-x3 \" title=\"\"><\/i> Ausstattung<\/h3>\n<\/div>\n<div class=\"box\">\n<div class=\"row spec\">\n<div class=\"col-sm-8 title\">Tastatur\u00a0<strong>15 Tasten<\/strong><\/div>\n<\/div>\n<div class=\"row spec\">\n<div class=\"col-sm-8 title\">Informationsdisplay\u00a0<strong>LCD-Display mit Bedienmen\u00fc <\/strong><\/div>\n<\/div>\n<div class=\"row spec\">\n<div class=\"col-sm-8 title\">Griff\u00a0<strong>Integriert <\/strong><\/div>\n<\/div>\n<div class=\"row spec\">\n<div class=\"col-sm-8 title\">Radprofil\u00a0<strong>Mittel <\/strong><\/div>\n<\/div>\n<div class=\"row spec\">\n<div class=\"col-sm-8 title\">Neigungssensor\u00a0<strong>Ja <\/strong><\/div>\n<\/div>\n<div class=\"row spec\">\n<div class=\"col-sm-8 title\">Zus\u00e4tzliche Messer\u00a0<strong>9 St<\/strong><\/div>\n<\/div>\n<div class=\"row spec\">\n<div class=\"col-sm-8 title\">Hebesensor\u00a0<strong>Ja<\/strong><\/div>\n<div><\/div>\n<\/div>\n<\/div>\n<\/div>\n<div id=\"MainContentPlaceHolder_BaseContentPlaceHolder_pmain_0_ctl00_productSpecifications_rpCategorySpecification_attributeGroupPanel_5\" class=\"col-sm-6 column-values\">\n<div class=\"title\">\n<h3 class=\"h4\"><i class=\"c-icon hq-icon hq-icon-sound-noise hq-icon-x3 \" title=\"\"><\/i> Ger\u00e4uschpegel<\/h3>\n<\/div>\n<div class=\"box\">\n<div class=\"row spec\">\n<div class=\"col-sm-8 title\">Garant. Schallleistungspegel (dB)A\u00a0<strong>61 dB(A)<\/strong><\/div>\n<\/div>\n<\/div>\n<\/div>\n","protected":false},"excerpt":{"rendered":"<p>Kompakter dreir\u00e4driger Rasenm\u00e4hroboter, der sich ideal f\u00fcr kleinere einfach aufgebaute G\u00e4rten eignet. Der kleinste M\u00e4hroboter aus dem Hause Husqvarna meistert Fl\u00e4chen bis zu 600 m\u00b2 und Steigungen bis zu 25%. Einfache Bedienung \u00fcber das Tastenfeld. Optional mit wei\u00dfem Chassis erh\u00e4ltlich.<\/p>\n","protected":false},"featured_media":480,"comment_status":"open","ping_status":"closed","template":"","meta":[],"product_brand":[],"product_cat":[34],"product_tag":[42],"class_list":{"0":"post-429","1":"product","2":"type-product","3":"status-publish","4":"has-post-thumbnail","6":"product_cat-husqvarna-automower","7":"product_tag-automower-105","8":"product_shipping_class-dhl-paket","10":"first","11":"instock","12":"taxable","13":"shipping-taxable","14":"purchasable","15":"product-type-simple"},"yoast_head":"<!-- This site is optimized with the Yoast SEO plugin v27.5 - https:\/\/yoast.com\/product\/yoast-seo-wordpress\/ -->\n<title>HUSQVARNA AM 105 - Fl\u00e4chen bis zu 600m\u00b2 - Shop MobileAkkuPower<\/title>\n<meta name=\"description\" content=\"Der Automower 105 ist ein kompakter dreir\u00e4driger Rasenm\u00e4hroboter, der sich ideal f\u00fcr kleinere einfach aufgebaute G\u00e4rten eignet. Der kleinste M\u00e4hroboter aus dem Hause Husqvarna meistert Fl\u00e4chen bis zu 600 m\u00b2 und Steigungen bis zu 25%.\" \/>\n<meta name=\"robots\" content=\"index, follow, max-snippet:-1, max-image-preview:large, max-video-preview:-1\" \/>\n<link rel=\"canonical\" href=\"https:\/\/www.mobileakkupower.de\/shop\/produkt\/husqvarna-automower-105-fuer-flaechen-bis-600qm\/\" \/>\n<meta property=\"og:locale\" content=\"de_DE\" \/>\n<meta property=\"og:type\" content=\"article\" \/>\n<meta property=\"og:title\" content=\"HUSQVARNA AM 105 - Fl\u00e4chen bis zu 600m\u00b2 - Shop MobileAkkuPower\" \/>\n<meta property=\"og:description\" content=\"Der Automower 105 ist ein kompakter dreir\u00e4driger Rasenm\u00e4hroboter, der sich ideal f\u00fcr kleinere einfach aufgebaute G\u00e4rten eignet. Der kleinste M\u00e4hroboter aus dem Hause Husqvarna meistert Fl\u00e4chen bis zu 600 m\u00b2 und Steigungen bis zu 25%.\" \/>\n<meta property=\"og:url\" content=\"https:\/\/www.mobileakkupower.de\/shop\/produkt\/husqvarna-automower-105-fuer-flaechen-bis-600qm\/\" \/>\n<meta property=\"og:site_name\" content=\"Shop MobileAkkuPower\" \/>\n<meta property=\"article:publisher\" content=\"https:\/\/facebook.com\/derroboterladen\" \/>\n<meta property=\"article:modified_time\" content=\"2023-03-08T10:42:11+00:00\" \/>\n<meta property=\"og:image\" content=\"http:\/\/www.mobileakkupower.de\/shop\/wp-content\/uploads\/2019\/01\/am105.png\" \/>\n\t<meta property=\"og:image:width\" content=\"200\" \/>\n\t<meta property=\"og:image:height\" content=\"200\" \/>\n\t<meta property=\"og:image:type\" content=\"image\/png\" \/>\n<meta name=\"twitter:card\" content=\"summary_large_image\" \/>\n<script type=\"application\/ld+json\" class=\"yoast-schema-graph\">{\"@context\":\"https:\\\/\\\/schema.org\",\"@graph\":[{\"@type\":\"WebPage\",\"@id\":\"https:\\\/\\\/www.mobileakkupower.de\\\/shop\\\/produkt\\\/husqvarna-automower-105-fuer-flaechen-bis-600qm\\\/\",\"url\":\"https:\\\/\\\/www.mobileakkupower.de\\\/shop\\\/produkt\\\/husqvarna-automower-105-fuer-flaechen-bis-600qm\\\/\",\"name\":\"HUSQVARNA AM 105 - Fl\u00e4chen bis zu 600m\u00b2 - Shop MobileAkkuPower\",\"isPartOf\":{\"@id\":\"https:\\\/\\\/www.mobileakkupower.de\\\/shop\\\/#website\"},\"primaryImageOfPage\":{\"@id\":\"https:\\\/\\\/www.mobileakkupower.de\\\/shop\\\/produkt\\\/husqvarna-automower-105-fuer-flaechen-bis-600qm\\\/#primaryimage\"},\"image\":{\"@id\":\"https:\\\/\\\/www.mobileakkupower.de\\\/shop\\\/produkt\\\/husqvarna-automower-105-fuer-flaechen-bis-600qm\\\/#primaryimage\"},\"thumbnailUrl\":\"https:\\\/\\\/www.mobileakkupower.de\\\/shop\\\/wp-content\\\/uploads\\\/2019\\\/01\\\/am105.png\",\"datePublished\":\"2019-01-21T12:02:33+00:00\",\"dateModified\":\"2023-03-08T10:42:11+00:00\",\"description\":\"Der Automower 105 ist ein kompakter dreir\u00e4driger Rasenm\u00e4hroboter, der sich ideal f\u00fcr kleinere einfach aufgebaute G\u00e4rten eignet. Der kleinste M\u00e4hroboter aus dem Hause Husqvarna meistert Fl\u00e4chen bis zu 600 m\u00b2 und Steigungen bis zu 25%.\",\"breadcrumb\":{\"@id\":\"https:\\\/\\\/www.mobileakkupower.de\\\/shop\\\/produkt\\\/husqvarna-automower-105-fuer-flaechen-bis-600qm\\\/#breadcrumb\"},\"inLanguage\":\"de\",\"potentialAction\":[{\"@type\":\"ReadAction\",\"target\":[\"https:\\\/\\\/www.mobileakkupower.de\\\/shop\\\/produkt\\\/husqvarna-automower-105-fuer-flaechen-bis-600qm\\\/\"]}]},{\"@type\":\"ImageObject\",\"inLanguage\":\"de\",\"@id\":\"https:\\\/\\\/www.mobileakkupower.de\\\/shop\\\/produkt\\\/husqvarna-automower-105-fuer-flaechen-bis-600qm\\\/#primaryimage\",\"url\":\"https:\\\/\\\/www.mobileakkupower.de\\\/shop\\\/wp-content\\\/uploads\\\/2019\\\/01\\\/am105.png\",\"contentUrl\":\"https:\\\/\\\/www.mobileakkupower.de\\\/shop\\\/wp-content\\\/uploads\\\/2019\\\/01\\\/am105.png\",\"width\":200,\"height\":200,\"caption\":\"HUSQVARNA AM 105 - Fl\u00e4chen bis zu 600m\u00b2 (oz)\"},{\"@type\":\"BreadcrumbList\",\"@id\":\"https:\\\/\\\/www.mobileakkupower.de\\\/shop\\\/produkt\\\/husqvarna-automower-105-fuer-flaechen-bis-600qm\\\/#breadcrumb\",\"itemListElement\":[{\"@type\":\"ListItem\",\"position\":1,\"name\":\"Startseite\",\"item\":\"https:\\\/\\\/www.mobileakkupower.de\\\/shop\\\/\"},{\"@type\":\"ListItem\",\"position\":2,\"name\":\"Shop\",\"item\":\"https:\\\/\\\/www.mobileakkupower.de\\\/shop\\\/shop\\\/\"},{\"@type\":\"ListItem\",\"position\":3,\"name\":\"HUSQVARNA AM 105 &#8211; Fl\u00e4chen bis zu 600m\u00b2\"}]},{\"@type\":\"WebSite\",\"@id\":\"https:\\\/\\\/www.mobileakkupower.de\\\/shop\\\/#website\",\"url\":\"https:\\\/\\\/www.mobileakkupower.de\\\/shop\\\/\",\"name\":\"Shop MobileAkkuPower\",\"description\":\"\",\"publisher\":{\"@id\":\"https:\\\/\\\/www.mobileakkupower.de\\\/shop\\\/#organization\"},\"potentialAction\":[{\"@type\":\"SearchAction\",\"target\":{\"@type\":\"EntryPoint\",\"urlTemplate\":\"https:\\\/\\\/www.mobileakkupower.de\\\/shop\\\/?s={search_term_string}\"},\"query-input\":{\"@type\":\"PropertyValueSpecification\",\"valueRequired\":true,\"valueName\":\"search_term_string\"}}],\"inLanguage\":\"de\"},{\"@type\":\"Organization\",\"@id\":\"https:\\\/\\\/www.mobileakkupower.de\\\/shop\\\/#organization\",\"name\":\"Shop MobileAkkuPower\",\"url\":\"https:\\\/\\\/www.mobileakkupower.de\\\/shop\\\/\",\"logo\":{\"@type\":\"ImageObject\",\"inLanguage\":\"de\",\"@id\":\"https:\\\/\\\/www.mobileakkupower.de\\\/shop\\\/#\\\/schema\\\/logo\\\/image\\\/\",\"url\":\"https:\\\/\\\/www.mobileakkupower.de\\\/shop\\\/wp-content\\\/uploads\\\/2019\\\/01\\\/cropped-logo-map.png\",\"contentUrl\":\"https:\\\/\\\/www.mobileakkupower.de\\\/shop\\\/wp-content\\\/uploads\\\/2019\\\/01\\\/cropped-logo-map.png\",\"width\":646,\"height\":114,\"caption\":\"Shop MobileAkkuPower\"},\"image\":{\"@id\":\"https:\\\/\\\/www.mobileakkupower.de\\\/shop\\\/#\\\/schema\\\/logo\\\/image\\\/\"},\"sameAs\":[\"https:\\\/\\\/facebook.com\\\/derroboterladen\"]}]}<\/script>\n<!-- \/ Yoast SEO plugin. -->","yoast_head_json":{"title":"HUSQVARNA AM 105 - Fl\u00e4chen bis zu 600m\u00b2 - Shop MobileAkkuPower","description":"Der Automower 105 ist ein kompakter dreir\u00e4driger Rasenm\u00e4hroboter, der sich ideal f\u00fcr kleinere einfach aufgebaute G\u00e4rten eignet. Der kleinste M\u00e4hroboter aus dem Hause Husqvarna meistert Fl\u00e4chen bis zu 600 m\u00b2 und Steigungen bis zu 25%.","robots":{"index":"index","follow":"follow","max-snippet":"max-snippet:-1","max-image-preview":"max-image-preview:large","max-video-preview":"max-video-preview:-1"},"canonical":"https:\/\/www.mobileakkupower.de\/shop\/produkt\/husqvarna-automower-105-fuer-flaechen-bis-600qm\/","og_locale":"de_DE","og_type":"article","og_title":"HUSQVARNA AM 105 - Fl\u00e4chen bis zu 600m\u00b2 - Shop MobileAkkuPower","og_description":"Der Automower 105 ist ein kompakter dreir\u00e4driger Rasenm\u00e4hroboter, der sich ideal f\u00fcr kleinere einfach aufgebaute G\u00e4rten eignet. Der kleinste M\u00e4hroboter aus dem Hause Husqvarna meistert Fl\u00e4chen bis zu 600 m\u00b2 und Steigungen bis zu 25%.","og_url":"https:\/\/www.mobileakkupower.de\/shop\/produkt\/husqvarna-automower-105-fuer-flaechen-bis-600qm\/","og_site_name":"Shop MobileAkkuPower","article_publisher":"https:\/\/facebook.com\/derroboterladen","article_modified_time":"2023-03-08T10:42:11+00:00","og_image":[{"width":200,"height":200,"url":"http:\/\/www.mobileakkupower.de\/shop\/wp-content\/uploads\/2019\/01\/am105.png","type":"image\/png"}],"twitter_card":"summary_large_image","schema":{"@context":"https:\/\/schema.org","@graph":[{"@type":"WebPage","@id":"https:\/\/www.mobileakkupower.de\/shop\/produkt\/husqvarna-automower-105-fuer-flaechen-bis-600qm\/","url":"https:\/\/www.mobileakkupower.de\/shop\/produkt\/husqvarna-automower-105-fuer-flaechen-bis-600qm\/","name":"HUSQVARNA AM 105 - Fl\u00e4chen bis zu 600m\u00b2 - Shop MobileAkkuPower","isPartOf":{"@id":"https:\/\/www.mobileakkupower.de\/shop\/#website"},"primaryImageOfPage":{"@id":"https:\/\/www.mobileakkupower.de\/shop\/produkt\/husqvarna-automower-105-fuer-flaechen-bis-600qm\/#primaryimage"},"image":{"@id":"https:\/\/www.mobileakkupower.de\/shop\/produkt\/husqvarna-automower-105-fuer-flaechen-bis-600qm\/#primaryimage"},"thumbnailUrl":"https:\/\/www.mobileakkupower.de\/shop\/wp-content\/uploads\/2019\/01\/am105.png","datePublished":"2019-01-21T12:02:33+00:00","dateModified":"2023-03-08T10:42:11+00:00","description":"Der Automower 105 ist ein kompakter dreir\u00e4driger Rasenm\u00e4hroboter, der sich ideal f\u00fcr kleinere einfach aufgebaute G\u00e4rten eignet. Der kleinste M\u00e4hroboter aus dem Hause Husqvarna meistert Fl\u00e4chen bis zu 600 m\u00b2 und Steigungen bis zu 25%.","breadcrumb":{"@id":"https:\/\/www.mobileakkupower.de\/shop\/produkt\/husqvarna-automower-105-fuer-flaechen-bis-600qm\/#breadcrumb"},"inLanguage":"de","potentialAction":[{"@type":"ReadAction","target":["https:\/\/www.mobileakkupower.de\/shop\/produkt\/husqvarna-automower-105-fuer-flaechen-bis-600qm\/"]}]},{"@type":"ImageObject","inLanguage":"de","@id":"https:\/\/www.mobileakkupower.de\/shop\/produkt\/husqvarna-automower-105-fuer-flaechen-bis-600qm\/#primaryimage","url":"https:\/\/www.mobileakkupower.de\/shop\/wp-content\/uploads\/2019\/01\/am105.png","contentUrl":"https:\/\/www.mobileakkupower.de\/shop\/wp-content\/uploads\/2019\/01\/am105.png","width":200,"height":200,"caption":"HUSQVARNA AM 105 - Fl\u00e4chen bis zu 600m\u00b2 (oz)"},{"@type":"BreadcrumbList","@id":"https:\/\/www.mobileakkupower.de\/shop\/produkt\/husqvarna-automower-105-fuer-flaechen-bis-600qm\/#breadcrumb","itemListElement":[{"@type":"ListItem","position":1,"name":"Startseite","item":"https:\/\/www.mobileakkupower.de\/shop\/"},{"@type":"ListItem","position":2,"name":"Shop","item":"https:\/\/www.mobileakkupower.de\/shop\/shop\/"},{"@type":"ListItem","position":3,"name":"HUSQVARNA AM 105 &#8211; Fl\u00e4chen bis zu 600m\u00b2"}]},{"@type":"WebSite","@id":"https:\/\/www.mobileakkupower.de\/shop\/#website","url":"https:\/\/www.mobileakkupower.de\/shop\/","name":"Shop MobileAkkuPower","description":"","publisher":{"@id":"https:\/\/www.mobileakkupower.de\/shop\/#organization"},"potentialAction":[{"@type":"SearchAction","target":{"@type":"EntryPoint","urlTemplate":"https:\/\/www.mobileakkupower.de\/shop\/?s={search_term_string}"},"query-input":{"@type":"PropertyValueSpecification","valueRequired":true,"valueName":"search_term_string"}}],"inLanguage":"de"},{"@type":"Organization","@id":"https:\/\/www.mobileakkupower.de\/shop\/#organization","name":"Shop MobileAkkuPower","url":"https:\/\/www.mobileakkupower.de\/shop\/","logo":{"@type":"ImageObject","inLanguage":"de","@id":"https:\/\/www.mobileakkupower.de\/shop\/#\/schema\/logo\/image\/","url":"https:\/\/www.mobileakkupower.de\/shop\/wp-content\/uploads\/2019\/01\/cropped-logo-map.png","contentUrl":"https:\/\/www.mobileakkupower.de\/shop\/wp-content\/uploads\/2019\/01\/cropped-logo-map.png","width":646,"height":114,"caption":"Shop MobileAkkuPower"},"image":{"@id":"https:\/\/www.mobileakkupower.de\/shop\/#\/schema\/logo\/image\/"},"sameAs":["https:\/\/facebook.com\/derroboterladen"]}]}},"_links":{"self":[{"href":"https:\/\/www.mobileakkupower.de\/shop\/wp-json\/wp\/v2\/product\/429","targetHints":{"allow":["GET"]}}],"collection":[{"href":"https:\/\/www.mobileakkupower.de\/shop\/wp-json\/wp\/v2\/product"}],"about":[{"href":"https:\/\/www.mobileakkupower.de\/shop\/wp-json\/wp\/v2\/types\/product"}],"replies":[{"embeddable":true,"href":"https:\/\/www.mobileakkupower.de\/shop\/wp-json\/wp\/v2\/comments?post=429"}],"wp:featuredmedia":[{"embeddable":true,"href":"https:\/\/www.mobileakkupower.de\/shop\/wp-json\/wp\/v2\/media\/480"}],"wp:attachment":[{"href":"https:\/\/www.mobileakkupower.de\/shop\/wp-json\/wp\/v2\/media?parent=429"}],"wp:term":[{"taxonomy":"product_brand","embeddable":true,"href":"https:\/\/www.mobileakkupower.de\/shop\/wp-json\/wp\/v2\/product_brand?post=429"},{"taxonomy":"product_cat","embeddable":true,"href":"https:\/\/www.mobileakkupower.de\/shop\/wp-json\/wp\/v2\/product_cat?post=429"},{"taxonomy":"product_tag","embeddable":true,"href":"https:\/\/www.mobileakkupower.de\/shop\/wp-json\/wp\/v2\/product_tag?post=429"}],"curies":[{"name":"wp","href":"https:\/\/api.w.org\/{rel}","templated":true}]}}